{"id":567,"date":"2019-03-08T12:58:10","date_gmt":"2019-03-08T11:58:10","guid":{"rendered":"http:\/\/www.wp.minipferd.de\/?page_id=567"},"modified":"2025-09-10T13:15:24","modified_gmt":"2025-09-10T11:15:24","slug":"cs-royal-stands-coco-chanel","status":"publish","type":"page","link":"https:\/\/www.minipferd.de\/?page_id=567","title":{"rendered":"CS Royal Stands Coco Chanel"},"content":{"rendered":"\n<div class=\"wp-block-group mobile-flex-reverse is-nowrap is-layout-flex wp-container-core-group-is-layout-3 wp-block-group-is-layout-flex\">\n<div class=\"wp-block-group wp-container-content-1\"><div class=\"wp-block-group__inner-container is-layout-constrained wp-block-group-is-layout-constrained\">\n<p class=\"has-yellow-color has-text-color has-link-color wp-elements-dd25b27a388d36502781afc6ac21029f\">Spitzname: Coco<br>Geboren: 28.04.2013<br>Gr\u00f6\u00dfe: 81cm <br>Farbe: Fuchsschecke<br>AMHA: A215415<\/p>\n<\/div><\/div>\n\n\n\n<div class=\"wp-block-group wp-container-content-2\"><div class=\"wp-block-group__inner-container is-layout-constrained wp-block-group-is-layout-constrained\">\n<figure class=\"wp-block-image size-large is-style-default\"><img loading=\"lazy\" decoding=\"async\" width=\"1024\" height=\"683\" src=\"http:\/\/www.minipferd.de\/wp-content\/uploads\/2022\/01\/MO1A0512_Web-1024x683.jpg\" alt=\"\" class=\"wp-image-1436\" style=\"object-fit:cover\" srcset=\"https:\/\/www.minipferd.de\/wp-content\/uploads\/2022\/01\/MO1A0512_Web-1024x683.jpg 1024w, https:\/\/www.minipferd.de\/wp-content\/uploads\/2022\/01\/MO1A0512_Web-350x233.jpg 350w, https:\/\/www.minipferd.de\/wp-content\/uploads\/2022\/01\/MO1A0512_Web-300x200.jpg 300w, https:\/\/www.minipferd.de\/wp-content\/uploads\/2022\/01\/MO1A0512_Web-768x512.jpg 768w, https:\/\/www.minipferd.de\/wp-content\/uploads\/2022\/01\/MO1A0512_Web-1536x1024.jpg 1536w, https:\/\/www.minipferd.de\/wp-content\/uploads\/2022\/01\/MO1A0512_Web-2048x1365.jpg 2048w\" sizes=\"(max-width: 1024px) 100vw, 1024px\" \/><\/figure>\n<\/div><\/div>\n<\/div>\n\n\n\n<p class=\"has-yellow-color has-text-color has-link-color wp-elements-d8081a3f7a22cfd1c0c8a07b89958c66\">THIS MARE HAS ATTITUDE! Wundersch\u00f6n und au\u00dfergew\u00f6hnlich elegant: Dieses kleine Stute ist das bemerkenswerte Resultat der Kreuzung zwischen Champion Farms Nighthawk-Sohn LM Hawks Stand Out Loud und A F Ivy Toro- sowie Lucky Four Rebels Living Doll-Tochter CS Royal Toros Fantasy. Bekannterma\u00dfen halten wir gro\u00dfe St\u00fccke auf unsere Lucky Four Rebels Living Doll. Coco ist m\u00fcttlerlicherseits bereits 3. Generation EIGENZUCHT! Nicht nur ist die kleine Dame  besonders feingliedrig und charismatisch, sondern weist auch eine sehr gleichm\u00e4\u00dfige rot-wei\u00dfe Scheckung mit funkelnd blauen Augen auf. Ihre Abstammung ist \u00e4hnlich beeindruckend wie die kleine Dame selbst, finden sich dort doch so bekannte Namen wie Gold Melody Boy, Rowdy und Flying W Farms Little Blue Boy.  <\/p>\n\n\n\n<p class=\"has-yellow-color has-text-color has-link-color wp-elements-450c4c71a2ddcdcd724d5025c3a4af59\">Cocos T\u00f6chter konnten sich auf internationalen Miniaturpferdeshows schon zahlreiche Titel sichern! Ihre Tochter &#8222;JS Royal Tigerlilli&#8220; wurde in Belgien RESERVE SUPREME CHAMPION und GRAND CHAMPION und qualifiziert sich in Bayern zur LANDESSCHAU! Auch ihre Tochter &#8222;JS Royal Tiffany&#8220; startet mehr als erfolgreich in ihre erste Showsaison.<\/p>\n\n\n\n<figure class=\"wp-block-gallery has-nested-images columns-2 is-cropped wp-block-gallery-1 is-layout-flex wp-block-gallery-is-layout-flex\">\n<figure class=\"wp-block-image size-large\"><img loading=\"lazy\" decoding=\"async\" width=\"682\" height=\"1024\" data-id=\"2375\" src=\"http:\/\/www.minipferd.de\/wp-content\/uploads\/2024\/07\/5F3A8097-Edit-682x1024.jpg\" alt=\"\" class=\"wp-image-2375\" srcset=\"https:\/\/www.minipferd.de\/wp-content\/uploads\/2024\/07\/5F3A8097-Edit-682x1024.jpg 682w, https:\/\/www.minipferd.de\/wp-content\/uploads\/2024\/07\/5F3A8097-Edit-200x300.jpg 200w, https:\/\/www.minipferd.de\/wp-content\/uploads\/2024\/07\/5F3A8097-Edit-768x1152.jpg 768w, https:\/\/www.minipferd.de\/wp-content\/uploads\/2024\/07\/5F3A8097-Edit-1024x1536.jpg 1024w, https:\/\/www.minipferd.de\/wp-content\/uploads\/2024\/07\/5F3A8097-Edit-1320x1980.jpg 1320w, https:\/\/www.minipferd.de\/wp-content\/uploads\/2024\/07\/5F3A8097-Edit.jpg 1333w\" sizes=\"(max-width: 682px) 100vw, 682px\" \/><\/figure>\n<\/figure>\n\n\n\n<figure class=\"wp-block-image size-large\"><img loading=\"lazy\" decoding=\"async\" width=\"1024\" height=\"682\" src=\"http:\/\/www.minipferd.de\/wp-content\/uploads\/2024\/07\/IMG_4108-1024x682.jpg\" alt=\"\" class=\"wp-image-2377\" srcset=\"https:\/\/www.minipferd.de\/wp-content\/uploads\/2024\/07\/IMG_4108-1024x682.jpg 1024w, https:\/\/www.minipferd.de\/wp-content\/uploads\/2024\/07\/IMG_4108-300x200.jpg 300w, https:\/\/www.minipferd.de\/wp-content\/uploads\/2024\/07\/IMG_4108-768x512.jpg 768w, https:\/\/www.minipferd.de\/wp-content\/uploads\/2024\/07\/IMG_4108-1536x1024.jpg 1536w, https:\/\/www.minipferd.de\/wp-content\/uploads\/2024\/07\/IMG_4108-1320x880.jpg 1320w, https:\/\/www.minipferd.de\/wp-content\/uploads\/2024\/07\/IMG_4108.jpg 2000w\" sizes=\"(max-width: 1024px) 100vw, 1024px\" \/><\/figure>\n\n\n\n<figure class=\"wp-block-gallery has-nested-images columns-2 is-cropped wp-block-gallery-2 is-layout-flex wp-block-gallery-is-layout-flex\">\n<figure class=\"wp-block-image size-large is-style-default\"><img loading=\"lazy\" decoding=\"async\" width=\"1024\" height=\"682\" data-id=\"2376\" src=\"https:\/\/www.minipferd.de\/wp-content\/uploads\/2024\/07\/5F3A8037-Edit-2-1024x682.jpg\" alt=\"\" class=\"wp-image-2376\" srcset=\"https:\/\/www.minipferd.de\/wp-content\/uploads\/2024\/07\/5F3A8037-Edit-2-1024x682.jpg 1024w, https:\/\/www.minipferd.de\/wp-content\/uploads\/2024\/07\/5F3A8037-Edit-2-300x200.jpg 300w, https:\/\/www.minipferd.de\/wp-content\/uploads\/2024\/07\/5F3A8037-Edit-2-768x512.jpg 768w, https:\/\/www.minipferd.de\/wp-content\/uploads\/2024\/07\/5F3A8037-Edit-2-1536x1024.jpg 1536w, https:\/\/www.minipferd.de\/wp-content\/uploads\/2024\/07\/5F3A8037-Edit-2-1320x880.jpg 1320w, https:\/\/www.minipferd.de\/wp-content\/uploads\/2024\/07\/5F3A8037-Edit-2.jpg 2000w\" sizes=\"(max-width: 1024px) 100vw, 1024px\" \/><\/figure>\n\n\n\n<figure class=\"wp-block-image size-large\"><img loading=\"lazy\" decoding=\"async\" width=\"1024\" height=\"682\" data-id=\"2379\" src=\"https:\/\/www.minipferd.de\/wp-content\/uploads\/2024\/07\/IMG_4109-1024x682.jpg\" alt=\"\" class=\"wp-image-2379\" srcset=\"https:\/\/www.minipferd.de\/wp-content\/uploads\/2024\/07\/IMG_4109-1024x682.jpg 1024w, https:\/\/www.minipferd.de\/wp-content\/uploads\/2024\/07\/IMG_4109-300x200.jpg 300w, https:\/\/www.minipferd.de\/wp-content\/uploads\/2024\/07\/IMG_4109-768x512.jpg 768w, https:\/\/www.minipferd.de\/wp-content\/uploads\/2024\/07\/IMG_4109-1536x1024.jpg 1536w, https:\/\/www.minipferd.de\/wp-content\/uploads\/2024\/07\/IMG_4109-1320x880.jpg 1320w, https:\/\/www.minipferd.de\/wp-content\/uploads\/2024\/07\/IMG_4109.jpg 2000w\" sizes=\"(max-width: 1024px) 100vw, 1024px\" \/><\/figure>\n\n\n\n<figure class=\"wp-block-image size-large\"><img loading=\"lazy\" decoding=\"async\" width=\"1024\" height=\"683\" data-id=\"2374\" src=\"https:\/\/www.minipferd.de\/wp-content\/uploads\/2024\/07\/IMG_4110-1024x683.jpg\" alt=\"\" class=\"wp-image-2374\" srcset=\"https:\/\/www.minipferd.de\/wp-content\/uploads\/2024\/07\/IMG_4110-1024x683.jpg 1024w, https:\/\/www.minipferd.de\/wp-content\/uploads\/2024\/07\/IMG_4110-300x200.jpg 300w, https:\/\/www.minipferd.de\/wp-content\/uploads\/2024\/07\/IMG_4110-768x512.jpg 768w, https:\/\/www.minipferd.de\/wp-content\/uploads\/2024\/07\/IMG_4110-1536x1025.jpg 1536w, https:\/\/www.minipferd.de\/wp-content\/uploads\/2024\/07\/IMG_4110-1320x880.jpg 1320w, https:\/\/www.minipferd.de\/wp-content\/uploads\/2024\/07\/IMG_4110.jpg 2000w\" sizes=\"(max-width: 1024px) 100vw, 1024px\" \/><\/figure>\n<\/figure>\n\n\n\n<figure class=\"wp-block-gallery has-nested-images columns-0 is-cropped wp-block-gallery-3 is-layout-flex wp-block-gallery-is-layout-flex\">\n<figure class=\"wp-block-image size-large\"><img loading=\"lazy\" decoding=\"async\" width=\"683\" height=\"1024\" data-id=\"818\" src=\"http:\/\/www.minipferd.de\/wp-content\/uploads\/2020\/05\/CocoChanel_IMG_1820-683x1024.jpg\" alt=\"\" class=\"wp-image-818\" srcset=\"https:\/\/www.minipferd.de\/wp-content\/uploads\/2020\/05\/CocoChanel_IMG_1820-683x1024.jpg 683w, https:\/\/www.minipferd.de\/wp-content\/uploads\/2020\/05\/CocoChanel_IMG_1820-scaled-350x525.jpg 350w, https:\/\/www.minipferd.de\/wp-content\/uploads\/2020\/05\/CocoChanel_IMG_1820-200x300.jpg 200w, https:\/\/www.minipferd.de\/wp-content\/uploads\/2020\/05\/CocoChanel_IMG_1820-768x1152.jpg 768w, https:\/\/www.minipferd.de\/wp-content\/uploads\/2020\/05\/CocoChanel_IMG_1820-1024x1536.jpg 1024w, https:\/\/www.minipferd.de\/wp-content\/uploads\/2020\/05\/CocoChanel_IMG_1820-1365x2048.jpg 1365w, https:\/\/www.minipferd.de\/wp-content\/uploads\/2020\/05\/CocoChanel_IMG_1820-scaled.jpg 1707w\" sizes=\"(max-width: 683px) 100vw, 683px\" \/><\/figure>\n\n\n\n<figure class=\"wp-block-image size-large\"><img loading=\"lazy\" decoding=\"async\" width=\"683\" height=\"1024\" data-id=\"817\" src=\"http:\/\/www.minipferd.de\/wp-content\/uploads\/2020\/05\/CocoChanel_IMG_1819-683x1024.jpg\" alt=\"\" class=\"wp-image-817\" srcset=\"https:\/\/www.minipferd.de\/wp-content\/uploads\/2020\/05\/CocoChanel_IMG_1819-683x1024.jpg 683w, https:\/\/www.minipferd.de\/wp-content\/uploads\/2020\/05\/CocoChanel_IMG_1819-scaled-350x525.jpg 350w, https:\/\/www.minipferd.de\/wp-content\/uploads\/2020\/05\/CocoChanel_IMG_1819-200x300.jpg 200w, https:\/\/www.minipferd.de\/wp-content\/uploads\/2020\/05\/CocoChanel_IMG_1819-768x1152.jpg 768w, https:\/\/www.minipferd.de\/wp-content\/uploads\/2020\/05\/CocoChanel_IMG_1819-1024x1536.jpg 1024w, https:\/\/www.minipferd.de\/wp-content\/uploads\/2020\/05\/CocoChanel_IMG_1819-1365x2048.jpg 1365w, https:\/\/www.minipferd.de\/wp-content\/uploads\/2020\/05\/CocoChanel_IMG_1819-scaled.jpg 1707w\" sizes=\"(max-width: 683px) 100vw, 683px\" \/><\/figure>\n<\/figure>\n\n\n\n<div class=\"wp-block-columns is-layout-flex wp-container-core-columns-is-layout-1 wp-block-columns-is-layout-flex\">\n<div class=\"wp-block-column has-yellow-color has-text-color has-link-color wp-elements-eb518f1381ac80d3441e18bc2562ffd2 is-layout-flow wp-block-column-is-layout-flow\">\n<h2 class=\"wp-block-heading\">Mutter<\/h2>\n\n\n\n<figure class=\"wp-block-image size-large\"><img loading=\"lazy\" decoding=\"async\" width=\"1024\" height=\"819\" src=\"http:\/\/www.minipferd.de\/wp-content\/uploads\/2022\/01\/Mutter-von-Coco-1024x819.jpg\" alt=\"\" class=\"wp-image-1595\" style=\"aspect-ratio:4\/3;object-fit:cover\" srcset=\"https:\/\/www.minipferd.de\/wp-content\/uploads\/2022\/01\/Mutter-von-Coco-1024x819.jpg 1024w, https:\/\/www.minipferd.de\/wp-content\/uploads\/2022\/01\/Mutter-von-Coco-350x280.jpg 350w, https:\/\/www.minipferd.de\/wp-content\/uploads\/2022\/01\/Mutter-von-Coco-300x240.jpg 300w, https:\/\/www.minipferd.de\/wp-content\/uploads\/2022\/01\/Mutter-von-Coco-768x614.jpg 768w, https:\/\/www.minipferd.de\/wp-content\/uploads\/2022\/01\/Mutter-von-Coco.jpg 1500w\" sizes=\"(max-width: 1024px) 100vw, 1024px\" \/><figcaption class=\"wp-element-caption\"><mark style=\"background-color:rgba(0, 0, 0, 0)\" class=\"has-inline-color has-yellow-color\">CS Royal Toros Fantasy<\/mark><\/figcaption><\/figure>\n<\/div>\n\n\n\n<div class=\"wp-block-column has-yellow-color has-text-color has-link-color wp-elements-d1b4d8bb1ee1f55696dfacefdf8b6786 is-layout-flow wp-block-column-is-layout-flow\">\n<h2 class=\"wp-block-heading\">Vater<\/h2>\n\n\n\n<figure class=\"wp-block-image size-large is-resized\"><a href=\"http:\/\/www.minipferd.de\/?page_id=1635\"><img loading=\"lazy\" decoding=\"async\" width=\"1024\" height=\"819\" src=\"http:\/\/www.minipferd.de\/wp-content\/uploads\/2022\/01\/Vater-von-Coco-1024x819.jpg\" alt=\"\" class=\"wp-image-1596\" style=\"aspect-ratio:1.3333333333333333;object-fit:cover;width:328px;height:auto\" srcset=\"https:\/\/www.minipferd.de\/wp-content\/uploads\/2022\/01\/Vater-von-Coco-1024x819.jpg 1024w, https:\/\/www.minipferd.de\/wp-content\/uploads\/2022\/01\/Vater-von-Coco-scaled-350x280.jpg 350w, https:\/\/www.minipferd.de\/wp-content\/uploads\/2022\/01\/Vater-von-Coco-300x240.jpg 300w, https:\/\/www.minipferd.de\/wp-content\/uploads\/2022\/01\/Vater-von-Coco-768x614.jpg 768w, https:\/\/www.minipferd.de\/wp-content\/uploads\/2022\/01\/Vater-von-Coco-1536x1229.jpg 1536w, https:\/\/www.minipferd.de\/wp-content\/uploads\/2022\/01\/Vater-von-Coco-2048x1638.jpg 2048w\" sizes=\"(max-width: 1024px) 100vw, 1024px\" \/><\/a><figcaption class=\"wp-element-caption\"><mark style=\"background-color:rgba(0, 0, 0, 0)\" class=\"has-inline-color has-yellow-color\">LM Hawks Stand Out Loud<\/mark><\/figcaption><\/figure>\n<\/div>\n<\/div>\n\n\n\n<h2 class=\"wp-block-heading\"><mark style=\"background-color:rgba(0, 0, 0, 0)\" class=\"has-inline-color has-yellow-color\">Ihre Fohlen:<\/mark><\/h2>\n\n\n\n<div class=\"wp-block-columns is-layout-flex wp-container-core-columns-is-layout-2 wp-block-columns-is-layout-flex\">\n<div class=\"wp-block-column is-layout-flow wp-block-column-is-layout-flow\">\n<figure class=\"wp-block-image size-large is-resized\"><img loading=\"lazy\" decoding=\"async\" width=\"1024\" height=\"866\" src=\"http:\/\/www.minipferd.de\/wp-content\/uploads\/2025\/09\/MG_2121--1024x866.jpg\" alt=\"\" class=\"wp-image-2874\" style=\"width:321px;height:auto\" srcset=\"https:\/\/www.minipferd.de\/wp-content\/uploads\/2025\/09\/MG_2121--1024x866.jpg 1024w, https:\/\/www.minipferd.de\/wp-content\/uploads\/2025\/09\/MG_2121--300x254.jpg 300w, https:\/\/www.minipferd.de\/wp-content\/uploads\/2025\/09\/MG_2121--768x650.jpg 768w, https:\/\/www.minipferd.de\/wp-content\/uploads\/2025\/09\/MG_2121--1536x1300.jpg 1536w, https:\/\/www.minipferd.de\/wp-content\/uploads\/2025\/09\/MG_2121--2048x1733.jpg 2048w, https:\/\/www.minipferd.de\/wp-content\/uploads\/2025\/09\/MG_2121--1320x1117.jpg 1320w\" sizes=\"(max-width: 1024px) 100vw, 1024px\" \/><figcaption class=\"wp-element-caption\"><mark style=\"background-color:rgba(0, 0, 0, 0)\" class=\"has-inline-color has-yellow-color\">JS Royal Sweet Suprise <\/mark><\/figcaption><\/figure>\n<\/div>\n\n\n\n<div class=\"wp-block-column is-layout-flow wp-block-column-is-layout-flow\"><\/div>\n<\/div>\n\n\n\n<div class=\"wp-block-columns is-layout-flex wp-container-core-columns-is-layout-3 wp-block-columns-is-layout-flex\">\n<div class=\"wp-block-column is-layout-flow wp-block-column-is-layout-flow\">\n<figure class=\"wp-block-image size-large\"><img loading=\"lazy\" decoding=\"async\" width=\"1024\" height=\"778\" src=\"http:\/\/www.minipferd.de\/wp-content\/uploads\/2024\/08\/5F3A9189-1024x778.jpg\" alt=\"\" class=\"wp-image-2616\" style=\"aspect-ratio:4\/3;object-fit:cover\" srcset=\"https:\/\/www.minipferd.de\/wp-content\/uploads\/2024\/08\/5F3A9189-1024x778.jpg 1024w, https:\/\/www.minipferd.de\/wp-content\/uploads\/2024\/08\/5F3A9189-300x228.jpg 300w, https:\/\/www.minipferd.de\/wp-content\/uploads\/2024\/08\/5F3A9189-768x583.jpg 768w, https:\/\/www.minipferd.de\/wp-content\/uploads\/2024\/08\/5F3A9189-1536x1166.jpg 1536w, https:\/\/www.minipferd.de\/wp-content\/uploads\/2024\/08\/5F3A9189-1320x1002.jpg 1320w, https:\/\/www.minipferd.de\/wp-content\/uploads\/2024\/08\/5F3A9189.jpg 1953w\" sizes=\"(max-width: 1024px) 100vw, 1024px\" \/><figcaption class=\"wp-element-caption\"><mark style=\"background-color:rgba(0, 0, 0, 0)\" class=\"has-inline-color has-yellow-color\">JS Royal Cocos Dream Boy<\/mark><\/figcaption><\/figure>\n<\/div>\n\n\n\n<div class=\"wp-block-column is-layout-flow wp-block-column-is-layout-flow\">\n<figure class=\"wp-block-image size-full\"><img loading=\"lazy\" decoding=\"async\" width=\"921\" height=\"575\" src=\"http:\/\/www.minipferd.de\/wp-content\/uploads\/2024\/05\/IMG_9754-1.jpg\" alt=\"\" class=\"wp-image-2077\" style=\"aspect-ratio:4\/3;object-fit:cover\" srcset=\"https:\/\/www.minipferd.de\/wp-content\/uploads\/2024\/05\/IMG_9754-1.jpg 921w, https:\/\/www.minipferd.de\/wp-content\/uploads\/2024\/05\/IMG_9754-1-300x187.jpg 300w, https:\/\/www.minipferd.de\/wp-content\/uploads\/2024\/05\/IMG_9754-1-768x479.jpg 768w\" sizes=\"(max-width: 921px) 100vw, 921px\" \/><figcaption class=\"wp-element-caption\"><mark style=\"background-color:rgba(0, 0, 0, 0)\" class=\"has-inline-color has-yellow-color\">JS Royal Cocos Tiffany<\/mark><\/figcaption><\/figure>\n<\/div>\n<\/div>\n\n\n\n<div class=\"wp-block-columns is-layout-flex wp-container-core-columns-is-layout-4 wp-block-columns-is-layout-flex\">\n<div class=\"wp-block-column is-layout-flow wp-block-column-is-layout-flow\">\n<figure class=\"wp-block-image size-large\"><img loading=\"lazy\" decoding=\"async\" width=\"1024\" height=\"683\" src=\"http:\/\/www.minipferd.de\/wp-content\/uploads\/2023\/08\/Fohlen8web-1024x683.jpg\" alt=\"\" class=\"wp-image-1946\" style=\"aspect-ratio:4\/3;object-fit:cover\" srcset=\"https:\/\/www.minipferd.de\/wp-content\/uploads\/2023\/08\/Fohlen8web-1024x683.jpg 1024w, https:\/\/www.minipferd.de\/wp-content\/uploads\/2023\/08\/Fohlen8web-300x200.jpg 300w, https:\/\/www.minipferd.de\/wp-content\/uploads\/2023\/08\/Fohlen8web-768x512.jpg 768w, https:\/\/www.minipferd.de\/wp-content\/uploads\/2023\/08\/Fohlen8web-1536x1024.jpg 1536w, https:\/\/www.minipferd.de\/wp-content\/uploads\/2023\/08\/Fohlen8web-1320x880.jpg 1320w, https:\/\/www.minipferd.de\/wp-content\/uploads\/2023\/08\/Fohlen8web.jpg 1920w\" sizes=\"(max-width: 1024px) 100vw, 1024px\" \/><figcaption class=\"wp-element-caption\"><mark style=\"background-color:rgba(0, 0, 0, 0)\" class=\"has-inline-color has-yellow-color\">JS Royal Cocos Sahara<\/mark><\/figcaption><\/figure>\n<\/div>\n\n\n\n<div class=\"wp-block-column is-layout-flow wp-block-column-is-layout-flow\">\n<figure class=\"wp-block-image size-large\"><img loading=\"lazy\" decoding=\"async\" width=\"1024\" height=\"795\" src=\"http:\/\/www.minipferd.de\/wp-content\/uploads\/2024\/05\/Tigerlilli-edited-1024x795.jpg\" alt=\"\" class=\"wp-image-2046\" style=\"aspect-ratio:4\/3;object-fit:cover\" srcset=\"https:\/\/www.minipferd.de\/wp-content\/uploads\/2024\/05\/Tigerlilli-edited-1024x795.jpg 1024w, https:\/\/www.minipferd.de\/wp-content\/uploads\/2024\/05\/Tigerlilli-edited-300x233.jpg 300w, https:\/\/www.minipferd.de\/wp-content\/uploads\/2024\/05\/Tigerlilli-edited-768x596.jpg 768w, https:\/\/www.minipferd.de\/wp-content\/uploads\/2024\/05\/Tigerlilli-edited-1536x1192.jpg 1536w, https:\/\/www.minipferd.de\/wp-content\/uploads\/2024\/05\/Tigerlilli-edited-2048x1589.jpg 2048w, https:\/\/www.minipferd.de\/wp-content\/uploads\/2024\/05\/Tigerlilli-edited-1320x1024.jpg 1320w\" sizes=\"(max-width: 1024px) 100vw, 1024px\" \/><figcaption class=\"wp-element-caption\"><a href=\"http:\/\/www.minipferd.de\/?page_id=1350\" data-type=\"page\" data-id=\"1350\"><mark style=\"background-color:rgba(0, 0, 0, 0)\" class=\"has-inline-color has-yellow-color\">JS Royal Cocos Tigerlilli<\/mark><\/a><\/figcaption><\/figure>\n<\/div>\n<\/div>\n\n\n\n<div class=\"wp-block-columns is-layout-flex wp-container-core-columns-is-layout-5 wp-block-columns-is-layout-flex\">\n<div class=\"wp-block-column is-layout-flow wp-block-column-is-layout-flow\">\n<figure class=\"wp-block-image size-large\"><a href=\"http:\/\/www.minipferd.de\/?page_id=251\"><img loading=\"lazy\" decoding=\"async\" width=\"1024\" height=\"683\" src=\"http:\/\/www.minipferd.de\/wp-content\/uploads\/2022\/01\/WebseiteBild1113web10x15_CocoFohlen-1024x683.jpg\" alt=\"\" class=\"wp-image-1549\" style=\"aspect-ratio:4\/3;object-fit:cover\" srcset=\"https:\/\/www.minipferd.de\/wp-content\/uploads\/2022\/01\/WebseiteBild1113web10x15_CocoFohlen-1024x683.jpg 1024w, https:\/\/www.minipferd.de\/wp-content\/uploads\/2022\/01\/WebseiteBild1113web10x15_CocoFohlen-350x233.jpg 350w, https:\/\/www.minipferd.de\/wp-content\/uploads\/2022\/01\/WebseiteBild1113web10x15_CocoFohlen-300x200.jpg 300w, https:\/\/www.minipferd.de\/wp-content\/uploads\/2022\/01\/WebseiteBild1113web10x15_CocoFohlen-768x512.jpg 768w, https:\/\/www.minipferd.de\/wp-content\/uploads\/2022\/01\/WebseiteBild1113web10x15_CocoFohlen-1536x1024.jpg 1536w, https:\/\/www.minipferd.de\/wp-content\/uploads\/2022\/01\/WebseiteBild1113web10x15_CocoFohlen.jpg 1861w\" sizes=\"(max-width: 1024px) 100vw, 1024px\" \/><\/a><figcaption class=\"wp-element-caption\"><mark style=\"background-color:rgba(0, 0, 0, 0)\" class=\"has-inline-color has-yellow-color\">CS Royal Bailey<\/mark><\/figcaption><\/figure>\n<\/div>\n\n\n\n<div class=\"wp-block-column is-layout-flow wp-block-column-is-layout-flow\"><\/div>\n<\/div>\n","protected":false},"excerpt":{"rendered":"<p>Spitzname: CocoGeboren: 28.04.2013Gr\u00f6\u00dfe: 81cm Farbe: FuchsscheckeAMHA: A215415 THIS MARE HAS ATTITUDE! Wundersch\u00f6n und au\u00dfergew\u00f6hnlich elegant: Dieses kleine Stute ist das bemerkenswerte Resultat der Kreuzung zwischen Champion Farms Nighthawk-Sohn LM Hawks Stand Out Loud und A F Ivy Toro- sowie Lucky Four Rebels Living Doll-Tochter CS Royal Toros Fantasy. Bekannterma\u00dfen halten wir gro\u00dfe St\u00fccke auf unsere &hellip; <a href=\"https:\/\/www.minipferd.de\/?page_id=567\" class=\"more-link\"><span class=\"screen-reader-text\">CS Royal Stands Coco Chanel<\/span> weiterlesen<\/a><\/p>\n","protected":false},"author":1,"featured_media":0,"parent":249,"menu_order":0,"comment_status":"closed","ping_status":"closed","template":"","meta":{"footnotes":""},"class_list":["post-567","page","type-page","status-publish","hentry"],"_links":{"self":[{"href":"https:\/\/www.minipferd.de\/index.php?rest_route=\/wp\/v2\/pages\/567"}],"collection":[{"href":"https:\/\/www.minipferd.de\/index.php?rest_route=\/wp\/v2\/pages"}],"about":[{"href":"https:\/\/www.minipferd.de\/index.php?rest_route=\/wp\/v2\/types\/page"}],"author":[{"embeddable":true,"href":"https:\/\/www.minipferd.de\/index.php?rest_route=\/wp\/v2\/users\/1"}],"replies":[{"embeddable":true,"href":"https:\/\/www.minipferd.de\/index.php?rest_route=%2Fwp%2Fv2%2Fcomments&post=567"}],"version-history":[{"count":46,"href":"https:\/\/www.minipferd.de\/index.php?rest_route=\/wp\/v2\/pages\/567\/revisions"}],"predecessor-version":[{"id":2972,"href":"https:\/\/www.minipferd.de\/index.php?rest_route=\/wp\/v2\/pages\/567\/revisions\/2972"}],"up":[{"embeddable":true,"href":"https:\/\/www.minipferd.de\/index.php?rest_route=\/wp\/v2\/pages\/249"}],"wp:attachment":[{"href":"https:\/\/www.minipferd.de\/index.php?rest_route=%2Fwp%2Fv2%2Fmedia&parent=567"}],"curies":[{"name":"wp","href":"https:\/\/api.w.org\/{rel}","templated":true}]}}