{"id":2815,"date":"2024-09-14T11:30:12","date_gmt":"2024-09-14T09:30:12","guid":{"rendered":"https:\/\/www.minipferd.de\/?page_id=2815"},"modified":"2025-09-10T12:22:50","modified_gmt":"2025-09-10T10:22:50","slug":"marielunds-prime-idolize-me","status":"publish","type":"page","link":"https:\/\/www.minipferd.de\/?page_id=2815","title":{"rendered":"Marielunds Prime IdolizeMe"},"content":{"rendered":"\n<div class=\"wp-block-group mobile-flex-reverse is-nowrap is-layout-flex wp-container-core-group-is-layout-3 wp-block-group-is-layout-flex\">\n<div class=\"wp-block-group wp-container-content-1\"><div class=\"wp-block-group__inner-container is-layout-constrained wp-block-group-is-layout-constrained\">\n<p><\/p>\n\n\n\n<p class=\"has-yellow-color has-text-color has-link-color wp-elements-e3ceab39de248c03efaef1f6b43a4eeb\">Spitzname: Daisy<br>Geboren: 01.05.2023<br>Gr\u00f6\u00dfe: 31&#8243;<br>Farbe: Tigerschecke<br>A344533<\/p>\n<\/div><\/div>\n\n\n\n<div class=\"wp-block-group wp-container-content-2\"><div class=\"wp-block-group__inner-container is-layout-constrained wp-block-group-is-layout-constrained\">\n<figure class=\"wp-block-image size-large is-resized is-style-default\"><img loading=\"lazy\" decoding=\"async\" width=\"1466\" height=\"1070\" src=\"https:\/\/www.minipferd.de\/wp-content\/uploads\/2025\/09\/IMG_6569-edited.jpg\" alt=\"\" class=\"wp-image-2922\" style=\"aspect-ratio:1.3333333333333333;object-fit:cover;width:292px;height:auto\" srcset=\"https:\/\/www.minipferd.de\/wp-content\/uploads\/2025\/09\/IMG_6569-edited.jpg 1466w, https:\/\/www.minipferd.de\/wp-content\/uploads\/2025\/09\/IMG_6569-edited-300x219.jpg 300w, https:\/\/www.minipferd.de\/wp-content\/uploads\/2025\/09\/IMG_6569-edited-1024x747.jpg 1024w, https:\/\/www.minipferd.de\/wp-content\/uploads\/2025\/09\/IMG_6569-edited-768x561.jpg 768w, https:\/\/www.minipferd.de\/wp-content\/uploads\/2025\/09\/IMG_6569-edited-1320x963.jpg 1320w\" sizes=\"(max-width: 1466px) 100vw, 1466px\" \/><\/figure>\n<\/div><\/div>\n<\/div>\n\n\n\n<p class=\"has-yellow-color has-text-color has-link-color wp-elements-72d8a3516f9d8f7cffd2cdd26dc57636\">Die h\u00fcbsche Daisy ist ein wahres Juwel f\u00fcr die Tigerzucht. Sie ist extrem refined und hat dabei eine tolle Farbe und exzellente Bewegungen! Auf ihrer ersten Show in BELGIEN 2025 konnte sie nicht nur ihre Klasse der Junior Mares gewinnen, sondern wurde auch noch Gesamtsieger, sogenannter GRAND CHAMPION. Ein abosoluter Wahnsinns Start f\u00fcr diese junge Stute! Wir k\u00f6nnten nicht gl\u00fccklicher sein.<\/p>\n\n\n\n<figure class=\"wp-block-image size-large\"><img loading=\"lazy\" decoding=\"async\" width=\"1024\" height=\"683\" src=\"http:\/\/www.minipferd.de\/wp-content\/uploads\/2025\/09\/IMG_1944-1024x683.jpg\" alt=\"\" class=\"wp-image-2918\" srcset=\"https:\/\/www.minipferd.de\/wp-content\/uploads\/2025\/09\/IMG_1944-1024x683.jpg 1024w, https:\/\/www.minipferd.de\/wp-content\/uploads\/2025\/09\/IMG_1944-300x200.jpg 300w, https:\/\/www.minipferd.de\/wp-content\/uploads\/2025\/09\/IMG_1944-768x512.jpg 768w, https:\/\/www.minipferd.de\/wp-content\/uploads\/2025\/09\/IMG_1944.jpg 1280w\" sizes=\"(max-width: 1024px) 100vw, 1024px\" \/><\/figure>\n\n\n\n<figure class=\"wp-block-image size-large\"><img loading=\"lazy\" decoding=\"async\" width=\"1024\" height=\"682\" src=\"http:\/\/www.minipferd.de\/wp-content\/uploads\/2025\/09\/EU7A8185-1024x682.jpg\" alt=\"\" class=\"wp-image-2909\" srcset=\"https:\/\/www.minipferd.de\/wp-content\/uploads\/2025\/09\/EU7A8185-1024x682.jpg 1024w, https:\/\/www.minipferd.de\/wp-content\/uploads\/2025\/09\/EU7A8185-300x200.jpg 300w, https:\/\/www.minipferd.de\/wp-content\/uploads\/2025\/09\/EU7A8185-768x512.jpg 768w, https:\/\/www.minipferd.de\/wp-content\/uploads\/2025\/09\/EU7A8185-1536x1024.jpg 1536w, https:\/\/www.minipferd.de\/wp-content\/uploads\/2025\/09\/EU7A8185-1320x880.jpg 1320w, https:\/\/www.minipferd.de\/wp-content\/uploads\/2025\/09\/EU7A8185.jpg 1877w\" sizes=\"(max-width: 1024px) 100vw, 1024px\" \/><\/figure>\n\n\n\n<figure class=\"wp-block-gallery has-nested-images columns-default is-cropped wp-block-gallery-1 is-layout-flex wp-block-gallery-is-layout-flex\">\n<figure class=\"wp-block-image size-large\"><img loading=\"lazy\" decoding=\"async\" width=\"1024\" height=\"683\" data-id=\"2916\" src=\"https:\/\/www.minipferd.de\/wp-content\/uploads\/2025\/09\/IMG_1948-1024x683.jpg\" alt=\"\" class=\"wp-image-2916\" srcset=\"https:\/\/www.minipferd.de\/wp-content\/uploads\/2025\/09\/IMG_1948-1024x683.jpg 1024w, https:\/\/www.minipferd.de\/wp-content\/uploads\/2025\/09\/IMG_1948-300x200.jpg 300w, https:\/\/www.minipferd.de\/wp-content\/uploads\/2025\/09\/IMG_1948-768x512.jpg 768w, https:\/\/www.minipferd.de\/wp-content\/uploads\/2025\/09\/IMG_1948.jpg 1280w\" sizes=\"(max-width: 1024px) 100vw, 1024px\" \/><\/figure>\n\n\n\n<figure class=\"wp-block-image size-large\"><img loading=\"lazy\" decoding=\"async\" width=\"1024\" height=\"683\" data-id=\"2911\" src=\"https:\/\/www.minipferd.de\/wp-content\/uploads\/2025\/09\/EU7A8195-1024x683.jpeg\" alt=\"\" class=\"wp-image-2911\" srcset=\"https:\/\/www.minipferd.de\/wp-content\/uploads\/2025\/09\/EU7A8195-1024x683.jpeg 1024w, https:\/\/www.minipferd.de\/wp-content\/uploads\/2025\/09\/EU7A8195-300x200.jpeg 300w, https:\/\/www.minipferd.de\/wp-content\/uploads\/2025\/09\/EU7A8195-768x512.jpeg 768w, https:\/\/www.minipferd.de\/wp-content\/uploads\/2025\/09\/EU7A8195-1536x1024.jpeg 1536w, https:\/\/www.minipferd.de\/wp-content\/uploads\/2025\/09\/EU7A8195-2048x1365.jpeg 2048w, https:\/\/www.minipferd.de\/wp-content\/uploads\/2025\/09\/EU7A8195-1320x880.jpeg 1320w\" sizes=\"(max-width: 1024px) 100vw, 1024px\" \/><\/figure>\n<\/figure>\n\n\n\n<div class=\"wp-block-columns is-layout-flex wp-container-core-columns-is-layout-1 wp-block-columns-is-layout-flex\">\n<div class=\"wp-block-column is-layout-flow wp-block-column-is-layout-flow\">\n<h2 class=\"wp-block-heading has-yellow-color has-text-color has-link-color wp-elements-e65adc70db04c25da0a91c793407737c\">Mutter<\/h2>\n\n\n\n<figure class=\"wp-block-image size-full\"><img loading=\"lazy\" decoding=\"async\" width=\"945\" height=\"849\" src=\"http:\/\/www.minipferd.de\/wp-content\/uploads\/2024\/09\/IMG_8302.jpg\" alt=\"\" class=\"wp-image-2824\" srcset=\"https:\/\/www.minipferd.de\/wp-content\/uploads\/2024\/09\/IMG_8302.jpg 945w, https:\/\/www.minipferd.de\/wp-content\/uploads\/2024\/09\/IMG_8302-300x270.jpg 300w, https:\/\/www.minipferd.de\/wp-content\/uploads\/2024\/09\/IMG_8302-768x690.jpg 768w\" sizes=\"(max-width: 945px) 100vw, 945px\" \/><figcaption class=\"wp-element-caption\"><a href=\"https:\/\/www.minipferd.de\/?page_id=2822\" data-type=\"page\" data-id=\"2822\"><mark style=\"background-color:rgba(0, 0, 0, 0)\" class=\"has-inline-color has-yellow-color\">Marielunds Entertainment<\/mark><\/a><\/figcaption><\/figure>\n<\/div>\n\n\n\n<div class=\"wp-block-column is-layout-flow wp-block-column-is-layout-flow\">\n<h2 class=\"wp-block-heading has-yellow-color has-text-color has-link-color wp-elements-803cca7432fbcea4f0bdd70459a4a4a1\">Vater<\/h2>\n\n\n\n<figure class=\"wp-block-image size-large\"><img loading=\"lazy\" decoding=\"async\" width=\"1024\" height=\"683\" src=\"https:\/\/www.minipferd.de\/wp-content\/uploads\/2025\/09\/IMG_0361-1024x683.jpg\" alt=\"\" class=\"wp-image-2920\" srcset=\"https:\/\/www.minipferd.de\/wp-content\/uploads\/2025\/09\/IMG_0361-1024x683.jpg 1024w, https:\/\/www.minipferd.de\/wp-content\/uploads\/2025\/09\/IMG_0361-300x200.jpg 300w, https:\/\/www.minipferd.de\/wp-content\/uploads\/2025\/09\/IMG_0361-768x512.jpg 768w, https:\/\/www.minipferd.de\/wp-content\/uploads\/2025\/09\/IMG_0361-1536x1024.jpg 1536w, https:\/\/www.minipferd.de\/wp-content\/uploads\/2025\/09\/IMG_0361-1320x880.jpg 1320w, https:\/\/www.minipferd.de\/wp-content\/uploads\/2025\/09\/IMG_0361.jpg 2048w\" sizes=\"(max-width: 1024px) 100vw, 1024px\" \/><\/figure>\n\n\n\n<p>Marielunds Ballistic Optimus Prime<\/p>\n<\/div>\n<\/div>\n","protected":false},"excerpt":{"rendered":"<p>Spitzname: DaisyGeboren: 01.05.2023Gr\u00f6\u00dfe: 31&#8243;Farbe: TigerscheckeA344533 Die h\u00fcbsche Daisy ist ein wahres Juwel f\u00fcr die Tigerzucht. Sie ist extrem refined und hat dabei eine tolle Farbe und exzellente Bewegungen! Auf ihrer ersten Show in BELGIEN 2025 konnte sie nicht nur ihre Klasse der Junior Mares gewinnen, sondern wurde auch noch Gesamtsieger, sogenannter GRAND CHAMPION. Ein abosoluter &hellip; <a href=\"https:\/\/www.minipferd.de\/?page_id=2815\" class=\"more-link\"><span class=\"screen-reader-text\">Marielunds Prime IdolizeMe<\/span> weiterlesen<\/a><\/p>\n","protected":false},"author":2,"featured_media":0,"parent":249,"menu_order":1,"comment_status":"closed","ping_status":"closed","template":"","meta":{"footnotes":""},"class_list":["post-2815","page","type-page","status-publish","hentry"],"_links":{"self":[{"href":"https:\/\/www.minipferd.de\/index.php?rest_route=\/wp\/v2\/pages\/2815"}],"collection":[{"href":"https:\/\/www.minipferd.de\/index.php?rest_route=\/wp\/v2\/pages"}],"about":[{"href":"https:\/\/www.minipferd.de\/index.php?rest_route=\/wp\/v2\/types\/page"}],"author":[{"embeddable":true,"href":"https:\/\/www.minipferd.de\/index.php?rest_route=\/wp\/v2\/users\/2"}],"replies":[{"embeddable":true,"href":"https:\/\/www.minipferd.de\/index.php?rest_route=%2Fwp%2Fv2%2Fcomments&post=2815"}],"version-history":[{"count":6,"href":"https:\/\/www.minipferd.de\/index.php?rest_route=\/wp\/v2\/pages\/2815\/revisions"}],"predecessor-version":[{"id":2926,"href":"https:\/\/www.minipferd.de\/index.php?rest_route=\/wp\/v2\/pages\/2815\/revisions\/2926"}],"up":[{"embeddable":true,"href":"https:\/\/www.minipferd.de\/index.php?rest_route=\/wp\/v2\/pages\/249"}],"wp:attachment":[{"href":"https:\/\/www.minipferd.de\/index.php?rest_route=%2Fwp%2Fv2%2Fmedia&parent=2815"}],"curies":[{"name":"wp","href":"https:\/\/api.w.org\/{rel}","templated":true}]}}

<div class="wp-block-group mobile-flex-reverse is-nowrap is-layout-flex wp-container-core-group-is-layout-3 wp-block-group-is-layout-flex">
<div class="wp-block-group wp-container-content-1"><div class="wp-block-group__inner-container is-layout-constrained wp-block-group-is-layout-constrained">
<p></p>



<p class="has-yellow-color has-text-color has-link-color wp-elements-e3ceab39de248c03efaef1f6b43a4eeb">Spitzname: Daisy<br>Geboren: 01.05.2023<br>Größe: 31&#8243;<br>Farbe: Tigerschecke<br>A344533</p>
</div></div>



<div class="wp-block-group wp-container-content-2"><div class="wp-block-group__inner-container is-layout-constrained wp-block-group-is-layout-constrained">
<figure class="wp-block-image size-large is-resized is-style-default"><img loading="lazy" decoding="async" width="1466" height="1070" src="https://www.minipferd.de/wp-content/uploads/2025/09/IMG_6569-edited.jpg" alt="" class="wp-image-2922" style="aspect-ratio:1.3333333333333333;object-fit:cover;width:292px;height:auto" srcset="https://www.minipferd.de/wp-content/uploads/2025/09/IMG_6569-edited.jpg 1466w, https://www.minipferd.de/wp-content/uploads/2025/09/IMG_6569-edited-300x219.jpg 300w, https://www.minipferd.de/wp-content/uploads/2025/09/IMG_6569-edited-1024x747.jpg 1024w, https://www.minipferd.de/wp-content/uploads/2025/09/IMG_6569-edited-768x561.jpg 768w, https://www.minipferd.de/wp-content/uploads/2025/09/IMG_6569-edited-1320x963.jpg 1320w" sizes="(max-width: 1466px) 100vw, 1466px" /></figure>
</div></div>
</div>



<p class="has-yellow-color has-text-color has-link-color wp-elements-72d8a3516f9d8f7cffd2cdd26dc57636">Die hübsche Daisy ist ein wahres Juwel für die Tigerzucht. Sie ist extrem refined und hat dabei eine tolle Farbe und exzellente Bewegungen! Auf ihrer ersten Show in BELGIEN 2025 konnte sie nicht nur ihre Klasse der Junior Mares gewinnen, sondern wurde auch noch Gesamtsieger, sogenannter GRAND CHAMPION. Ein abosoluter Wahnsinns Start für diese junge Stute! Wir könnten nicht glücklicher sein.</p>



<figure class="wp-block-image size-large"><img loading="lazy" decoding="async" width="1024" height="683" src="http://www.minipferd.de/wp-content/uploads/2025/09/IMG_1944-1024x683.jpg" alt="" class="wp-image-2918" srcset="https://www.minipferd.de/wp-content/uploads/2025/09/IMG_1944-1024x683.jpg 1024w, https://www.minipferd.de/wp-content/uploads/2025/09/IMG_1944-300x200.jpg 300w, https://www.minipferd.de/wp-content/uploads/2025/09/IMG_1944-768x512.jpg 768w, https://www.minipferd.de/wp-content/uploads/2025/09/IMG_1944.jpg 1280w" sizes="(max-width: 1024px) 100vw, 1024px" /></figure>



<figure class="wp-block-image size-large"><img loading="lazy" decoding="async" width="1024" height="682" src="http://www.minipferd.de/wp-content/uploads/2025/09/EU7A8185-1024x682.jpg" alt="" class="wp-image-2909" srcset="https://www.minipferd.de/wp-content/uploads/2025/09/EU7A8185-1024x682.jpg 1024w, https://www.minipferd.de/wp-content/uploads/2025/09/EU7A8185-300x200.jpg 300w, https://www.minipferd.de/wp-content/uploads/2025/09/EU7A8185-768x512.jpg 768w, https://www.minipferd.de/wp-content/uploads/2025/09/EU7A8185-1536x1024.jpg 1536w, https://www.minipferd.de/wp-content/uploads/2025/09/EU7A8185-1320x880.jpg 1320w, https://www.minipferd.de/wp-content/uploads/2025/09/EU7A8185.jpg 1877w" sizes="(max-width: 1024px) 100vw, 1024px" /></figure>



<figure class="wp-block-gallery has-nested-images columns-default is-cropped wp-block-gallery-1 is-layout-flex wp-block-gallery-is-layout-flex">
<figure class="wp-block-image size-large"><img loading="lazy" decoding="async" width="1024" height="683" data-id="2916" src="https://www.minipferd.de/wp-content/uploads/2025/09/IMG_1948-1024x683.jpg" alt="" class="wp-image-2916" srcset="https://www.minipferd.de/wp-content/uploads/2025/09/IMG_1948-1024x683.jpg 1024w, https://www.minipferd.de/wp-content/uploads/2025/09/IMG_1948-300x200.jpg 300w, https://www.minipferd.de/wp-content/uploads/2025/09/IMG_1948-768x512.jpg 768w, https://www.minipferd.de/wp-content/uploads/2025/09/IMG_1948.jpg 1280w" sizes="(max-width: 1024px) 100vw, 1024px" /></figure>



<figure class="wp-block-image size-large"><img loading="lazy" decoding="async" width="1024" height="683" data-id="2911" src="https://www.minipferd.de/wp-content/uploads/2025/09/EU7A8195-1024x683.jpeg" alt="" class="wp-image-2911" srcset="https://www.minipferd.de/wp-content/uploads/2025/09/EU7A8195-1024x683.jpeg 1024w, https://www.minipferd.de/wp-content/uploads/2025/09/EU7A8195-300x200.jpeg 300w, https://www.minipferd.de/wp-content/uploads/2025/09/EU7A8195-768x512.jpeg 768w, https://www.minipferd.de/wp-content/uploads/2025/09/EU7A8195-1536x1024.jpeg 1536w, https://www.minipferd.de/wp-content/uploads/2025/09/EU7A8195-2048x1365.jpeg 2048w, https://www.minipferd.de/wp-content/uploads/2025/09/EU7A8195-1320x880.jpeg 1320w" sizes="(max-width: 1024px) 100vw, 1024px" /></figure>
</figure>



<div class="wp-block-columns is-layout-flex wp-container-core-columns-is-layout-1 wp-block-columns-is-layout-flex">
<div class="wp-block-column is-layout-flow wp-block-column-is-layout-flow">
<h2 class="wp-block-heading has-yellow-color has-text-color has-link-color wp-elements-e65adc70db04c25da0a91c793407737c">Mutter</h2>



<figure class="wp-block-image size-full"><img loading="lazy" decoding="async" width="945" height="849" src="http://www.minipferd.de/wp-content/uploads/2024/09/IMG_8302.jpg" alt="" class="wp-image-2824" srcset="https://www.minipferd.de/wp-content/uploads/2024/09/IMG_8302.jpg 945w, https://www.minipferd.de/wp-content/uploads/2024/09/IMG_8302-300x270.jpg 300w, https://www.minipferd.de/wp-content/uploads/2024/09/IMG_8302-768x690.jpg 768w" sizes="(max-width: 945px) 100vw, 945px" /><figcaption class="wp-element-caption"><a href="https://www.minipferd.de/?page_id=2822" data-type="page" data-id="2822"><mark style="background-color:rgba(0, 0, 0, 0)" class="has-inline-color has-yellow-color">Marielunds Entertainment</mark></a></figcaption></figure>
</div>



<div class="wp-block-column is-layout-flow wp-block-column-is-layout-flow">
<h2 class="wp-block-heading has-yellow-color has-text-color has-link-color wp-elements-803cca7432fbcea4f0bdd70459a4a4a1">Vater</h2>



<figure class="wp-block-image size-large"><img loading="lazy" decoding="async" width="1024" height="683" src="https://www.minipferd.de/wp-content/uploads/2025/09/IMG_0361-1024x683.jpg" alt="" class="wp-image-2920" srcset="https://www.minipferd.de/wp-content/uploads/2025/09/IMG_0361-1024x683.jpg 1024w, https://www.minipferd.de/wp-content/uploads/2025/09/IMG_0361-300x200.jpg 300w, https://www.minipferd.de/wp-content/uploads/2025/09/IMG_0361-768x512.jpg 768w, https://www.minipferd.de/wp-content/uploads/2025/09/IMG_0361-1536x1024.jpg 1536w, https://www.minipferd.de/wp-content/uploads/2025/09/IMG_0361-1320x880.jpg 1320w, https://www.minipferd.de/wp-content/uploads/2025/09/IMG_0361.jpg 2048w" sizes="(max-width: 1024px) 100vw, 1024px" /></figure>



<p>Marielunds Ballistic Optimus Prime</p>
</div>
</div>

<p>Spitzname: DaisyGeboren: 01.05.2023Größe: 31&#8243;Farbe: TigerscheckeA344533 Die hübsche Daisy ist ein wahres Juwel für die Tigerzucht. Sie ist extrem refined und hat dabei eine tolle Farbe und exzellente Bewegungen! Auf ihrer ersten Show in BELGIEN 2025 konnte sie nicht nur ihre Klasse der Junior Mares gewinnen, sondern wurde auch noch Gesamtsieger, sogenannter GRAND CHAMPION. Ein abosoluter &hellip; <a href="https://www.minipferd.de/?page_id=2815" class="more-link"><span class="screen-reader-text">Marielunds Prime IdolizeMe</span> weiterlesen</a></p>
