{"id":2801,"date":"2024-09-14T11:18:38","date_gmt":"2024-09-14T09:18:38","guid":{"rendered":"https:\/\/www.minipferd.de\/?page_id=2801"},"modified":"2025-09-10T12:47:44","modified_gmt":"2025-09-10T10:47:44","slug":"js-royal-amazing-grace","status":"publish","type":"page","link":"https:\/\/www.minipferd.de\/?page_id=2801","title":{"rendered":"JS Royal Amazing Grace"},"content":{"rendered":"\n<div class=\"wp-block-group mobile-flex-reverse is-nowrap is-layout-flex wp-container-core-group-is-layout-3 wp-block-group-is-layout-flex\">\n<div class=\"wp-block-group wp-container-content-1\"><div class=\"wp-block-group__inner-container is-layout-constrained wp-block-group-is-layout-constrained\">\n<p class=\"has-yellow-color has-text-color has-link-color wp-elements-da43802659a86102db47a47034f64768\">Spitzname: Grace<br>Geboren: 19.04.24<br>Gr\u00f6\u00dfe: 29&#8243;<br>Farbe: Appaloosa<\/p>\n<\/div><\/div>\n\n\n\n<div class=\"wp-block-group wp-container-content-2\"><div class=\"wp-block-group__inner-container is-layout-constrained wp-block-group-is-layout-constrained\">\n<figure class=\"wp-block-image size-large is-style-default\"><img loading=\"lazy\" decoding=\"async\" width=\"1024\" height=\"683\" src=\"http:\/\/www.minipferd.de\/wp-content\/uploads\/2025\/09\/IMG_1942-1024x683.jpg\" alt=\"\" class=\"wp-image-2901\" style=\"object-fit:cover\" srcset=\"https:\/\/www.minipferd.de\/wp-content\/uploads\/2025\/09\/IMG_1942-1024x683.jpg 1024w, https:\/\/www.minipferd.de\/wp-content\/uploads\/2025\/09\/IMG_1942-300x200.jpg 300w, https:\/\/www.minipferd.de\/wp-content\/uploads\/2025\/09\/IMG_1942-768x512.jpg 768w, https:\/\/www.minipferd.de\/wp-content\/uploads\/2025\/09\/IMG_1942.jpg 1280w\" sizes=\"(max-width: 1024px) 100vw, 1024px\" \/><\/figure>\n<\/div><\/div>\n<\/div>\n\n\n\n<p class=\"has-yellow-color has-text-color has-link-color wp-elements-b61ead6d63f1b758128f5fee776f0989\">Grace ist ein ganz besonderes Nachwuchsst\u00fctchen, welches sich wie ein Dressurpferd bewegt. Wenn man die Kleine in Bewegung sieht kommt man aus dem Staunen nicht mehr raus! Sie tr\u00e4gt das Leopard Gen LP. Auf ihrer ersten Show in Belgien konnte sie sich gegen eine starke Konkurrenz in der Liberty Klasse beweisen und wurde 2. Platz.<\/p>\n\n\n\n<figure class=\"wp-block-image size-large\"><img loading=\"lazy\" decoding=\"async\" width=\"1024\" height=\"682\" src=\"http:\/\/www.minipferd.de\/wp-content\/uploads\/2025\/09\/IMG_1666-1024x682.jpg\" alt=\"\" class=\"wp-image-2894\" srcset=\"https:\/\/www.minipferd.de\/wp-content\/uploads\/2025\/09\/IMG_1666-1024x682.jpg 1024w, https:\/\/www.minipferd.de\/wp-content\/uploads\/2025\/09\/IMG_1666-300x200.jpg 300w, https:\/\/www.minipferd.de\/wp-content\/uploads\/2025\/09\/IMG_1666-768x512.jpg 768w, https:\/\/www.minipferd.de\/wp-content\/uploads\/2025\/09\/IMG_1666-1320x880.jpg 1320w, https:\/\/www.minipferd.de\/wp-content\/uploads\/2025\/09\/IMG_1666.jpg 1379w\" sizes=\"(max-width: 1024px) 100vw, 1024px\" \/><\/figure>\n\n\n\n<figure class=\"wp-block-image size-large\"><img loading=\"lazy\" decoding=\"async\" width=\"1024\" height=\"683\" src=\"http:\/\/www.minipferd.de\/wp-content\/uploads\/2025\/09\/IMG_1940-1024x683.jpg\" alt=\"\" class=\"wp-image-2893\" srcset=\"https:\/\/www.minipferd.de\/wp-content\/uploads\/2025\/09\/IMG_1940-1024x683.jpg 1024w, https:\/\/www.minipferd.de\/wp-content\/uploads\/2025\/09\/IMG_1940-300x200.jpg 300w, https:\/\/www.minipferd.de\/wp-content\/uploads\/2025\/09\/IMG_1940-768x512.jpg 768w, https:\/\/www.minipferd.de\/wp-content\/uploads\/2025\/09\/IMG_1940.jpg 1280w\" sizes=\"(max-width: 1024px) 100vw, 1024px\" \/><\/figure>\n\n\n\n<figure class=\"wp-block-gallery has-nested-images columns-default is-cropped wp-block-gallery-1 is-layout-flex wp-block-gallery-is-layout-flex\">\n<figure class=\"wp-block-image size-large\"><img loading=\"lazy\" decoding=\"async\" width=\"1024\" height=\"683\" data-id=\"2900\" src=\"https:\/\/www.minipferd.de\/wp-content\/uploads\/2025\/09\/IMG_1959-1024x683.jpg\" alt=\"\" class=\"wp-image-2900\" srcset=\"https:\/\/www.minipferd.de\/wp-content\/uploads\/2025\/09\/IMG_1959-1024x683.jpg 1024w, https:\/\/www.minipferd.de\/wp-content\/uploads\/2025\/09\/IMG_1959-300x200.jpg 300w, https:\/\/www.minipferd.de\/wp-content\/uploads\/2025\/09\/IMG_1959-768x512.jpg 768w, https:\/\/www.minipferd.de\/wp-content\/uploads\/2025\/09\/IMG_1959.jpg 1280w\" sizes=\"(max-width: 1024px) 100vw, 1024px\" \/><\/figure>\n<\/figure>\n\n\n\n<figure class=\"wp-block-gallery has-nested-images columns-default is-cropped wp-block-gallery-2 is-layout-flex wp-block-gallery-is-layout-flex\">\n<figure class=\"wp-block-image size-large\"><img loading=\"lazy\" decoding=\"async\" width=\"1024\" height=\"684\" data-id=\"2891\" src=\"https:\/\/www.minipferd.de\/wp-content\/uploads\/2025\/09\/IMG_6568-1024x684.jpg\" alt=\"\" class=\"wp-image-2891\" srcset=\"https:\/\/www.minipferd.de\/wp-content\/uploads\/2025\/09\/IMG_6568-1024x684.jpg 1024w, https:\/\/www.minipferd.de\/wp-content\/uploads\/2025\/09\/IMG_6568-300x200.jpg 300w, https:\/\/www.minipferd.de\/wp-content\/uploads\/2025\/09\/IMG_6568-768x513.jpg 768w, https:\/\/www.minipferd.de\/wp-content\/uploads\/2025\/09\/IMG_6568-1536x1026.jpg 1536w, https:\/\/www.minipferd.de\/wp-content\/uploads\/2025\/09\/IMG_6568-2048x1368.jpg 2048w, https:\/\/www.minipferd.de\/wp-content\/uploads\/2025\/09\/IMG_6568-1320x882.jpg 1320w\" sizes=\"(max-width: 1024px) 100vw, 1024px\" \/><\/figure>\n\n\n\n<figure class=\"wp-block-image size-large\"><img loading=\"lazy\" decoding=\"async\" width=\"1024\" height=\"737\" data-id=\"2890\" src=\"https:\/\/www.minipferd.de\/wp-content\/uploads\/2025\/09\/IMG_6567-1024x737.jpg\" alt=\"\" class=\"wp-image-2890\" srcset=\"https:\/\/www.minipferd.de\/wp-content\/uploads\/2025\/09\/IMG_6567-1024x737.jpg 1024w, https:\/\/www.minipferd.de\/wp-content\/uploads\/2025\/09\/IMG_6567-300x216.jpg 300w, https:\/\/www.minipferd.de\/wp-content\/uploads\/2025\/09\/IMG_6567-768x553.jpg 768w, https:\/\/www.minipferd.de\/wp-content\/uploads\/2025\/09\/IMG_6567-1536x1106.jpg 1536w, https:\/\/www.minipferd.de\/wp-content\/uploads\/2025\/09\/IMG_6567-2048x1474.jpg 2048w, https:\/\/www.minipferd.de\/wp-content\/uploads\/2025\/09\/IMG_6567-1320x950.jpg 1320w\" sizes=\"(max-width: 1024px) 100vw, 1024px\" \/><\/figure>\n<\/figure>\n\n\n\n<figure class=\"wp-block-gallery has-nested-images columns-default is-cropped wp-block-gallery-3 is-layout-flex wp-block-gallery-is-layout-flex\">\n<figure class=\"wp-block-image size-large\"><img loading=\"lazy\" decoding=\"async\" width=\"1024\" height=\"732\" data-id=\"2888\" src=\"https:\/\/www.minipferd.de\/wp-content\/uploads\/2025\/09\/IMG_0314-1024x732.jpg\" alt=\"\" class=\"wp-image-2888\" srcset=\"https:\/\/www.minipferd.de\/wp-content\/uploads\/2025\/09\/IMG_0314-1024x732.jpg 1024w, https:\/\/www.minipferd.de\/wp-content\/uploads\/2025\/09\/IMG_0314-300x214.jpg 300w, https:\/\/www.minipferd.de\/wp-content\/uploads\/2025\/09\/IMG_0314-768x549.jpg 768w, https:\/\/www.minipferd.de\/wp-content\/uploads\/2025\/09\/IMG_0314-1536x1098.jpg 1536w, https:\/\/www.minipferd.de\/wp-content\/uploads\/2025\/09\/IMG_0314-2048x1464.jpg 2048w, https:\/\/www.minipferd.de\/wp-content\/uploads\/2025\/09\/IMG_0314-1320x944.jpg 1320w\" sizes=\"(max-width: 1024px) 100vw, 1024px\" \/><\/figure>\n\n\n\n<figure class=\"wp-block-image size-large\"><img loading=\"lazy\" decoding=\"async\" width=\"1024\" height=\"683\" data-id=\"2850\" src=\"https:\/\/www.minipferd.de\/wp-content\/uploads\/2025\/05\/IMG_1942-1-1024x683.jpeg\" alt=\"\" class=\"wp-image-2850\" srcset=\"https:\/\/www.minipferd.de\/wp-content\/uploads\/2025\/05\/IMG_1942-1-1024x683.jpeg 1024w, https:\/\/www.minipferd.de\/wp-content\/uploads\/2025\/05\/IMG_1942-1-300x200.jpeg 300w, https:\/\/www.minipferd.de\/wp-content\/uploads\/2025\/05\/IMG_1942-1-768x512.jpeg 768w, https:\/\/www.minipferd.de\/wp-content\/uploads\/2025\/05\/IMG_1942-1.jpeg 1280w\" sizes=\"(max-width: 1024px) 100vw, 1024px\" \/><\/figure>\n<\/figure>\n\n\n\n<div class=\"wp-block-columns is-layout-flex wp-container-core-columns-is-layout-1 wp-block-columns-is-layout-flex\">\n<div class=\"wp-block-column is-layout-flow wp-block-column-is-layout-flow\">\n<h2 class=\"wp-block-heading\"><mark style=\"background-color:rgba(0, 0, 0, 0)\" class=\"has-inline-color has-yellow-color\">Mutter<\/mark><\/h2>\n\n\n\n<figure class=\"wp-block-image size-large is-resized\"><img loading=\"lazy\" decoding=\"async\" width=\"1024\" height=\"992\" src=\"http:\/\/www.minipferd.de\/wp-content\/uploads\/2022\/09\/IMG_2307-2-1024x992.jpg\" alt=\"\" class=\"wp-image-1910\" style=\"aspect-ratio:1.3333333333333333;object-fit:cover;width:328px;height:auto\" srcset=\"https:\/\/www.minipferd.de\/wp-content\/uploads\/2022\/09\/IMG_2307-2-1024x992.jpg 1024w, https:\/\/www.minipferd.de\/wp-content\/uploads\/2022\/09\/IMG_2307-2-300x291.jpg 300w, https:\/\/www.minipferd.de\/wp-content\/uploads\/2022\/09\/IMG_2307-2-768x744.jpg 768w, https:\/\/www.minipferd.de\/wp-content\/uploads\/2022\/09\/IMG_2307-2.jpg 1267w\" sizes=\"(max-width: 1024px) 100vw, 1024px\" \/><figcaption class=\"wp-element-caption\"><a href=\"https:\/\/www.minipferd.de\/?page_id=1905\" data-type=\"link\" data-id=\"https:\/\/www.minipferd.de\/?page_id=1905\"><mark style=\"background-color:rgba(0, 0, 0, 0)\" class=\"has-inline-color has-yellow-color\">FL Creek Touch of an Angel<\/mark><\/a><\/figcaption><\/figure>\n<\/div>\n\n\n\n<div class=\"wp-block-column is-layout-flow wp-block-column-is-layout-flow\">\n<h2 class=\"wp-block-heading\"><mark style=\"background-color:rgba(0, 0, 0, 0)\" class=\"has-inline-color has-yellow-color\">Vater<\/mark><\/h2>\n\n\n\n<figure class=\"wp-block-image size-large\"><a href=\"https:\/\/www.minipferd.de\/?page_id=2009\"><img loading=\"lazy\" decoding=\"async\" width=\"1024\" height=\"682\" src=\"http:\/\/www.minipferd.de\/wp-content\/uploads\/2023\/08\/2H9A0074-1024x682.jpg\" alt=\"\" class=\"wp-image-2001\" style=\"aspect-ratio:4\/3;object-fit:cover\" srcset=\"https:\/\/www.minipferd.de\/wp-content\/uploads\/2023\/08\/2H9A0074-1024x682.jpg 1024w, https:\/\/www.minipferd.de\/wp-content\/uploads\/2023\/08\/2H9A0074-300x200.jpg 300w, https:\/\/www.minipferd.de\/wp-content\/uploads\/2023\/08\/2H9A0074-768x512.jpg 768w, https:\/\/www.minipferd.de\/wp-content\/uploads\/2023\/08\/2H9A0074-1536x1024.jpg 1536w, https:\/\/www.minipferd.de\/wp-content\/uploads\/2023\/08\/2H9A0074-1320x880.jpg 1320w, https:\/\/www.minipferd.de\/wp-content\/uploads\/2023\/08\/2H9A0074.jpg 2000w\" sizes=\"(max-width: 1024px) 100vw, 1024px\" \/><\/a><figcaption class=\"wp-element-caption\"><a href=\"https:\/\/www.minipferd.de\/?page_id=2009\" data-type=\"link\" data-id=\"https:\/\/www.minipferd.de\/?page_id=2009\"><mark style=\"background-color:rgba(0, 0, 0, 0)\" class=\"has-inline-color has-yellow-color\">Dolisas Pampapati<\/mark><\/a><\/figcaption><\/figure>\n<\/div>\n<\/div>\n\n\n\n<p><\/p>\n","protected":false},"excerpt":{"rendered":"<p>Spitzname: GraceGeboren: 19.04.24Gr\u00f6\u00dfe: 29&#8243;Farbe: Appaloosa Grace ist ein ganz besonderes Nachwuchsst\u00fctchen, welches sich wie ein Dressurpferd bewegt. Wenn man die Kleine in Bewegung sieht kommt man aus dem Staunen nicht mehr raus! Sie tr\u00e4gt das Leopard Gen LP. Auf ihrer ersten Show in Belgien konnte sie sich gegen eine starke Konkurrenz in der Liberty Klasse &hellip; <a href=\"https:\/\/www.minipferd.de\/?page_id=2801\" class=\"more-link\"><span class=\"screen-reader-text\">JS Royal Amazing Grace<\/span> weiterlesen<\/a><\/p>\n","protected":false},"author":2,"featured_media":0,"parent":249,"menu_order":1,"comment_status":"closed","ping_status":"closed","template":"","meta":{"footnotes":""},"class_list":["post-2801","page","type-page","status-publish","hentry"],"_links":{"self":[{"href":"https:\/\/www.minipferd.de\/index.php?rest_route=\/wp\/v2\/pages\/2801"}],"collection":[{"href":"https:\/\/www.minipferd.de\/index.php?rest_route=\/wp\/v2\/pages"}],"about":[{"href":"https:\/\/www.minipferd.de\/index.php?rest_route=\/wp\/v2\/types\/page"}],"author":[{"embeddable":true,"href":"https:\/\/www.minipferd.de\/index.php?rest_route=\/wp\/v2\/users\/2"}],"replies":[{"embeddable":true,"href":"https:\/\/www.minipferd.de\/index.php?rest_route=%2Fwp%2Fv2%2Fcomments&post=2801"}],"version-history":[{"count":5,"href":"https:\/\/www.minipferd.de\/index.php?rest_route=\/wp\/v2\/pages\/2801\/revisions"}],"predecessor-version":[{"id":2947,"href":"https:\/\/www.minipferd.de\/index.php?rest_route=\/wp\/v2\/pages\/2801\/revisions\/2947"}],"up":[{"embeddable":true,"href":"https:\/\/www.minipferd.de\/index.php?rest_route=\/wp\/v2\/pages\/249"}],"wp:attachment":[{"href":"https:\/\/www.minipferd.de\/index.php?rest_route=%2Fwp%2Fv2%2Fmedia&parent=2801"}],"curies":[{"name":"wp","href":"https:\/\/api.w.org\/{rel}","templated":true}]}}

<div class="wp-block-group mobile-flex-reverse is-nowrap is-layout-flex wp-container-core-group-is-layout-3 wp-block-group-is-layout-flex">
<div class="wp-block-group wp-container-content-1"><div class="wp-block-group__inner-container is-layout-constrained wp-block-group-is-layout-constrained">
<p class="has-yellow-color has-text-color has-link-color wp-elements-da43802659a86102db47a47034f64768">Spitzname: Grace<br>Geboren: 19.04.24<br>Größe: 29&#8243;<br>Farbe: Appaloosa</p>
</div></div>



<div class="wp-block-group wp-container-content-2"><div class="wp-block-group__inner-container is-layout-constrained wp-block-group-is-layout-constrained">
<figure class="wp-block-image size-large is-style-default"><img loading="lazy" decoding="async" width="1024" height="683" src="http://www.minipferd.de/wp-content/uploads/2025/09/IMG_1942-1024x683.jpg" alt="" class="wp-image-2901" style="object-fit:cover" srcset="https://www.minipferd.de/wp-content/uploads/2025/09/IMG_1942-1024x683.jpg 1024w, https://www.minipferd.de/wp-content/uploads/2025/09/IMG_1942-300x200.jpg 300w, https://www.minipferd.de/wp-content/uploads/2025/09/IMG_1942-768x512.jpg 768w, https://www.minipferd.de/wp-content/uploads/2025/09/IMG_1942.jpg 1280w" sizes="(max-width: 1024px) 100vw, 1024px" /></figure>
</div></div>
</div>



<p class="has-yellow-color has-text-color has-link-color wp-elements-b61ead6d63f1b758128f5fee776f0989">Grace ist ein ganz besonderes Nachwuchsstütchen, welches sich wie ein Dressurpferd bewegt. Wenn man die Kleine in Bewegung sieht kommt man aus dem Staunen nicht mehr raus! Sie trägt das Leopard Gen LP. Auf ihrer ersten Show in Belgien konnte sie sich gegen eine starke Konkurrenz in der Liberty Klasse beweisen und wurde 2. Platz.</p>



<figure class="wp-block-image size-large"><img loading="lazy" decoding="async" width="1024" height="682" src="http://www.minipferd.de/wp-content/uploads/2025/09/IMG_1666-1024x682.jpg" alt="" class="wp-image-2894" srcset="https://www.minipferd.de/wp-content/uploads/2025/09/IMG_1666-1024x682.jpg 1024w, https://www.minipferd.de/wp-content/uploads/2025/09/IMG_1666-300x200.jpg 300w, https://www.minipferd.de/wp-content/uploads/2025/09/IMG_1666-768x512.jpg 768w, https://www.minipferd.de/wp-content/uploads/2025/09/IMG_1666-1320x880.jpg 1320w, https://www.minipferd.de/wp-content/uploads/2025/09/IMG_1666.jpg 1379w" sizes="(max-width: 1024px) 100vw, 1024px" /></figure>



<figure class="wp-block-image size-large"><img loading="lazy" decoding="async" width="1024" height="683" src="http://www.minipferd.de/wp-content/uploads/2025/09/IMG_1940-1024x683.jpg" alt="" class="wp-image-2893" srcset="https://www.minipferd.de/wp-content/uploads/2025/09/IMG_1940-1024x683.jpg 1024w, https://www.minipferd.de/wp-content/uploads/2025/09/IMG_1940-300x200.jpg 300w, https://www.minipferd.de/wp-content/uploads/2025/09/IMG_1940-768x512.jpg 768w, https://www.minipferd.de/wp-content/uploads/2025/09/IMG_1940.jpg 1280w" sizes="(max-width: 1024px) 100vw, 1024px" /></figure>



<figure class="wp-block-gallery has-nested-images columns-default is-cropped wp-block-gallery-1 is-layout-flex wp-block-gallery-is-layout-flex">
<figure class="wp-block-image size-large"><img loading="lazy" decoding="async" width="1024" height="683" data-id="2900" src="https://www.minipferd.de/wp-content/uploads/2025/09/IMG_1959-1024x683.jpg" alt="" class="wp-image-2900" srcset="https://www.minipferd.de/wp-content/uploads/2025/09/IMG_1959-1024x683.jpg 1024w, https://www.minipferd.de/wp-content/uploads/2025/09/IMG_1959-300x200.jpg 300w, https://www.minipferd.de/wp-content/uploads/2025/09/IMG_1959-768x512.jpg 768w, https://www.minipferd.de/wp-content/uploads/2025/09/IMG_1959.jpg 1280w" sizes="(max-width: 1024px) 100vw, 1024px" /></figure>
</figure>



<figure class="wp-block-gallery has-nested-images columns-default is-cropped wp-block-gallery-2 is-layout-flex wp-block-gallery-is-layout-flex">
<figure class="wp-block-image size-large"><img loading="lazy" decoding="async" width="1024" height="684" data-id="2891" src="https://www.minipferd.de/wp-content/uploads/2025/09/IMG_6568-1024x684.jpg" alt="" class="wp-image-2891" srcset="https://www.minipferd.de/wp-content/uploads/2025/09/IMG_6568-1024x684.jpg 1024w, https://www.minipferd.de/wp-content/uploads/2025/09/IMG_6568-300x200.jpg 300w, https://www.minipferd.de/wp-content/uploads/2025/09/IMG_6568-768x513.jpg 768w, https://www.minipferd.de/wp-content/uploads/2025/09/IMG_6568-1536x1026.jpg 1536w, https://www.minipferd.de/wp-content/uploads/2025/09/IMG_6568-2048x1368.jpg 2048w, https://www.minipferd.de/wp-content/uploads/2025/09/IMG_6568-1320x882.jpg 1320w" sizes="(max-width: 1024px) 100vw, 1024px" /></figure>



<figure class="wp-block-image size-large"><img loading="lazy" decoding="async" width="1024" height="737" data-id="2890" src="https://www.minipferd.de/wp-content/uploads/2025/09/IMG_6567-1024x737.jpg" alt="" class="wp-image-2890" srcset="https://www.minipferd.de/wp-content/uploads/2025/09/IMG_6567-1024x737.jpg 1024w, https://www.minipferd.de/wp-content/uploads/2025/09/IMG_6567-300x216.jpg 300w, https://www.minipferd.de/wp-content/uploads/2025/09/IMG_6567-768x553.jpg 768w, https://www.minipferd.de/wp-content/uploads/2025/09/IMG_6567-1536x1106.jpg 1536w, https://www.minipferd.de/wp-content/uploads/2025/09/IMG_6567-2048x1474.jpg 2048w, https://www.minipferd.de/wp-content/uploads/2025/09/IMG_6567-1320x950.jpg 1320w" sizes="(max-width: 1024px) 100vw, 1024px" /></figure>
</figure>



<figure class="wp-block-gallery has-nested-images columns-default is-cropped wp-block-gallery-3 is-layout-flex wp-block-gallery-is-layout-flex">
<figure class="wp-block-image size-large"><img loading="lazy" decoding="async" width="1024" height="732" data-id="2888" src="https://www.minipferd.de/wp-content/uploads/2025/09/IMG_0314-1024x732.jpg" alt="" class="wp-image-2888" srcset="https://www.minipferd.de/wp-content/uploads/2025/09/IMG_0314-1024x732.jpg 1024w, https://www.minipferd.de/wp-content/uploads/2025/09/IMG_0314-300x214.jpg 300w, https://www.minipferd.de/wp-content/uploads/2025/09/IMG_0314-768x549.jpg 768w, https://www.minipferd.de/wp-content/uploads/2025/09/IMG_0314-1536x1098.jpg 1536w, https://www.minipferd.de/wp-content/uploads/2025/09/IMG_0314-2048x1464.jpg 2048w, https://www.minipferd.de/wp-content/uploads/2025/09/IMG_0314-1320x944.jpg 1320w" sizes="(max-width: 1024px) 100vw, 1024px" /></figure>



<figure class="wp-block-image size-large"><img loading="lazy" decoding="async" width="1024" height="683" data-id="2850" src="https://www.minipferd.de/wp-content/uploads/2025/05/IMG_1942-1-1024x683.jpeg" alt="" class="wp-image-2850" srcset="https://www.minipferd.de/wp-content/uploads/2025/05/IMG_1942-1-1024x683.jpeg 1024w, https://www.minipferd.de/wp-content/uploads/2025/05/IMG_1942-1-300x200.jpeg 300w, https://www.minipferd.de/wp-content/uploads/2025/05/IMG_1942-1-768x512.jpeg 768w, https://www.minipferd.de/wp-content/uploads/2025/05/IMG_1942-1.jpeg 1280w" sizes="(max-width: 1024px) 100vw, 1024px" /></figure>
</figure>



<div class="wp-block-columns is-layout-flex wp-container-core-columns-is-layout-1 wp-block-columns-is-layout-flex">
<div class="wp-block-column is-layout-flow wp-block-column-is-layout-flow">
<h2 class="wp-block-heading"><mark style="background-color:rgba(0, 0, 0, 0)" class="has-inline-color has-yellow-color">Mutter</mark></h2>



<figure class="wp-block-image size-large is-resized"><img loading="lazy" decoding="async" width="1024" height="992" src="http://www.minipferd.de/wp-content/uploads/2022/09/IMG_2307-2-1024x992.jpg" alt="" class="wp-image-1910" style="aspect-ratio:1.3333333333333333;object-fit:cover;width:328px;height:auto" srcset="https://www.minipferd.de/wp-content/uploads/2022/09/IMG_2307-2-1024x992.jpg 1024w, https://www.minipferd.de/wp-content/uploads/2022/09/IMG_2307-2-300x291.jpg 300w, https://www.minipferd.de/wp-content/uploads/2022/09/IMG_2307-2-768x744.jpg 768w, https://www.minipferd.de/wp-content/uploads/2022/09/IMG_2307-2.jpg 1267w" sizes="(max-width: 1024px) 100vw, 1024px" /><figcaption class="wp-element-caption"><a href="https://www.minipferd.de/?page_id=1905" data-type="link" data-id="https://www.minipferd.de/?page_id=1905"><mark style="background-color:rgba(0, 0, 0, 0)" class="has-inline-color has-yellow-color">FL Creek Touch of an Angel</mark></a></figcaption></figure>
</div>



<div class="wp-block-column is-layout-flow wp-block-column-is-layout-flow">
<h2 class="wp-block-heading"><mark style="background-color:rgba(0, 0, 0, 0)" class="has-inline-color has-yellow-color">Vater</mark></h2>



<figure class="wp-block-image size-large"><a href="https://www.minipferd.de/?page_id=2009"><img loading="lazy" decoding="async" width="1024" height="682" src="http://www.minipferd.de/wp-content/uploads/2023/08/2H9A0074-1024x682.jpg" alt="" class="wp-image-2001" style="aspect-ratio:4/3;object-fit:cover" srcset="https://www.minipferd.de/wp-content/uploads/2023/08/2H9A0074-1024x682.jpg 1024w, https://www.minipferd.de/wp-content/uploads/2023/08/2H9A0074-300x200.jpg 300w, https://www.minipferd.de/wp-content/uploads/2023/08/2H9A0074-768x512.jpg 768w, https://www.minipferd.de/wp-content/uploads/2023/08/2H9A0074-1536x1024.jpg 1536w, https://www.minipferd.de/wp-content/uploads/2023/08/2H9A0074-1320x880.jpg 1320w, https://www.minipferd.de/wp-content/uploads/2023/08/2H9A0074.jpg 2000w" sizes="(max-width: 1024px) 100vw, 1024px" /></a><figcaption class="wp-element-caption"><a href="https://www.minipferd.de/?page_id=2009" data-type="link" data-id="https://www.minipferd.de/?page_id=2009"><mark style="background-color:rgba(0, 0, 0, 0)" class="has-inline-color has-yellow-color">Dolisas Pampapati</mark></a></figcaption></figure>
</div>
</div>



<p></p>

<p>Spitzname: GraceGeboren: 19.04.24Größe: 29&#8243;Farbe: Appaloosa Grace ist ein ganz besonderes Nachwuchsstütchen, welches sich wie ein Dressurpferd bewegt. Wenn man die Kleine in Bewegung sieht kommt man aus dem Staunen nicht mehr raus! Sie trägt das Leopard Gen LP. Auf ihrer ersten Show in Belgien konnte sie sich gegen eine starke Konkurrenz in der Liberty Klasse &hellip; <a href="https://www.minipferd.de/?page_id=2801" class="more-link"><span class="screen-reader-text">JS Royal Amazing Grace</span> weiterlesen</a></p>
