{"id":27,"date":"2018-02-20T11:31:29","date_gmt":"2018-02-20T10:31:29","guid":{"rendered":"http:\/\/www.minipferd.de\/?page_id=27"},"modified":"2024-05-25T11:41:18","modified_gmt":"2024-05-25T09:41:18","slug":"ueber-mich-2","status":"publish","type":"page","link":"https:\/\/www.minipferd.de\/?page_id=27","title":{"rendered":"\u00dcber uns"},"content":{"rendered":"\n<figure class=\"wp-block-gallery has-nested-images columns-default is-cropped wp-block-gallery-1 is-layout-flex wp-block-gallery-is-layout-flex\">\n<figure class=\"wp-block-image size-large\"><img loading=\"lazy\" decoding=\"async\" width=\"1024\" height=\"683\" data-id=\"2098\" src=\"https:\/\/www.minipferd.de\/wp-content\/uploads\/2024\/05\/172A6635_web-1024x683.jpg\" alt=\"\" class=\"wp-image-2098\" srcset=\"https:\/\/www.minipferd.de\/wp-content\/uploads\/2024\/05\/172A6635_web-1024x683.jpg 1024w, https:\/\/www.minipferd.de\/wp-content\/uploads\/2024\/05\/172A6635_web-300x200.jpg 300w, https:\/\/www.minipferd.de\/wp-content\/uploads\/2024\/05\/172A6635_web-768x512.jpg 768w, https:\/\/www.minipferd.de\/wp-content\/uploads\/2024\/05\/172A6635_web-1536x1025.jpg 1536w, https:\/\/www.minipferd.de\/wp-content\/uploads\/2024\/05\/172A6635_web-1320x880.jpg 1320w, https:\/\/www.minipferd.de\/wp-content\/uploads\/2024\/05\/172A6635_web.jpg 2000w\" sizes=\"(max-width: 1024px) 100vw, 1024px\" \/><\/figure>\n<\/figure>\n\n\n<p><strong><span style=\"color: #ffcc00;\">Wie alles begann<\/span><\/strong><\/p>\n<p><span style=\"color: #ffcc00;\">Eigentlich ist es doch unglaublich, dass bis zum Jahre 2002 kaum einer in Deutschland \u00fcberhaupt jemals von der Rasse \u201eAmerikanisches Miniaturpferd\u201c geh\u00f6rt hatte. Ich selbst habe nur \u00fcber das Internet \u00fcber die Rasse erfahren. Damals war ich auf der Suche nach einem Pferd, das meine Tochter liebhaben und verw\u00f6hnen k\u00f6nnte und ein Beistellpferd f\u00fcr ihr Shetland Pony Mogli. Heutzutage, bin ich stolze Besitzerin von ca. 25 Amerikanischen Miniaturpferden und der Miniaturpferdezucht Steinbrecher (CS Royal Miniature Horses). Es ist mir sogar gelungen, den Bayerischen Zuchtverband f\u00fcr Spezialpferderassen davon zu \u00fcberzeugen, ein Zuchtbuch f\u00fcr diese Rasse in Deutschland zu er\u00f6ffnen.<\/span><\/p>\n<p><span style=\"color: #ffcc00;\">Aber vielleicht sollte ich etwas weiter ausholen: Ich war schon immer eine Pferdeliebhaberin \u2013 genau wie auch mein Ehemann. Als ich zum ersten Mal im Alter von sechs Jahren auf einem Pferder\u00fccken sa\u00df, wusste ich, dass Pferde immer der Mittelpunkt meines Lebens sein w\u00fcrden. Als Kind und Teenager verbrachte ich jede freie Minute im Stall und lernte Pferde zu pflegen und zu reiten und diese wunderbaren Gesch\u00f6pfe einfach liebzuhaben.<\/span><\/p>\n<p><span style=\"color: #ffcc00;\">Sp\u00e4ter begann ich dann Turniere zu reiten \u2013 zuerst\u00a0haupts\u00e4chlich im Springen (bis Klasse M) und sp\u00e4ter in der Dressur (bis Prix-St.-Georges) \u2013 und ich verdanke es meinen tollen Stuten, dass ich doch ziemlich oft Schleifen und Pokale mit nach Hause nehmen durfte. Da mein\u00a0 Ehemann und ich solche Pferdenarren sind, war es sicherlich kein Wunder, dass auch meine Tochter schon von klein auf von Pferden begeistert war. Ihr erstes eigenes Pferd bekam sie im Alter von\u00a0drei Jahren: einen Shetland Pony Wallach mit Namen Mogli. Mogli ist hervorragend ausgebildet und verhalf meiner Tochter zu nicht wenigen Siegen in der F\u00fchrz\u00fcgelklasse, aber als Mutter hat es mir schon immer Sorgen gemacht, dass Mogli im Vergleich zu meiner Tochter doch ziemlich gro\u00df und kr\u00e4ftig ist. Auch als sie schon etwas \u00e4lter war, hatte meine Tochter immer wieder Probleme, mit Mogli fertigzuwerden, da er so viel st\u00e4rker ist und wie die meisten Ponys einfach seinen eigenen Kopf hat.<\/span><\/p>\n<p><span style=\"color: #ffcc00;\">Also macht ich mich auf die Suche nach einem kleinen Pony, an dem meine Tochter richtig Freude haben w\u00fcrde. Ich wollte etwas kleineres als Mogli und etwas, das auch f\u00fcr ein kleines Kind im Umgang einfach sein sollte.<\/span><\/p>\n\n\n<figure class=\"wp-block-image size-large\"><img loading=\"lazy\" decoding=\"async\" width=\"1024\" height=\"683\" src=\"https:\/\/www.minipferd.de\/wp-content\/uploads\/2024\/05\/C8A8875_web-1024x683.jpg\" alt=\"\" class=\"wp-image-2101\" srcset=\"https:\/\/www.minipferd.de\/wp-content\/uploads\/2024\/05\/C8A8875_web-1024x683.jpg 1024w, https:\/\/www.minipferd.de\/wp-content\/uploads\/2024\/05\/C8A8875_web-300x200.jpg 300w, https:\/\/www.minipferd.de\/wp-content\/uploads\/2024\/05\/C8A8875_web-768x512.jpg 768w, https:\/\/www.minipferd.de\/wp-content\/uploads\/2024\/05\/C8A8875_web-1536x1025.jpg 1536w, https:\/\/www.minipferd.de\/wp-content\/uploads\/2024\/05\/C8A8875_web-1320x880.jpg 1320w, https:\/\/www.minipferd.de\/wp-content\/uploads\/2024\/05\/C8A8875_web.jpg 2000w\" sizes=\"(max-width: 1024px) 100vw, 1024px\" \/><\/figure>\n\n\n<p><strong><span style=\"color: #ffcc00;\">Meine Suche\u00a0<\/span><\/strong><\/p>\n<p><span style=\"color: #ffcc00;\">begann in Deutschland und dehnte sich bald \u00fcber ganz Europa aus, aber ich hatte kein Gl\u00fcck. Das Problem war dabei nicht, etwas Kleines zu finden, denn Falabellas und Minishettys gab es im \u00dcberfluss. Das Problem war immer noch der eigensinnige Ponycharakter, den ich ja gerade nicht wollte. Au\u00dferdem muss ich auch zugeben, dass ich dadurch, dass ich selbst so lange Gro\u00dfpferde geritten bin, mir auch etwas H\u00fcbscheres w\u00fcnschte, als das, was mir angeboten wurde.<\/span><\/p>\n<p><span style=\"color: #ffcc00;\">Mein Traum war es, ein kleines Pony mit einem\u00a0Gro\u00dfpferdecharakter zu finden UND mit dem Aussehen eines Gro\u00dfpferdes, d.h. ein gut proportionierter, schmaler K\u00f6rper, ein zierlicher Kopf mit gro\u00dfen Augen, ein langer schmaler Hals, lange Beine, ein kurzer R\u00fccken etc. Nun half mir eine Internetrecherche weiter, denn f\u00fcr ein Gro\u00dfpferd in Miniatur gab es schlicht nur ein Suchergebnis: Das Amerikanische Miniaturpferd!<\/span><\/p>\n<p><span style=\"color: #ffcc00;\">Ich nahm Kontakt zu einigen Z\u00fcchtern in den USA auf und im Jahre 2002 ergab sich endlich die Gelegenheit, eine fantastische kleine Herde von einem Z\u00fcchter in Pennsylvania zu erwerben, der seine Zucht aufgeben musste.<\/span><\/p>\n<p><span style=\"color: #ffcc00;\">Diese Kleinen \u2013 ein Hengst, drei Stuten und ein Stutfohlen bei Fu\u00df \u2013 waren die ersten Pferdchen, die ich auch den USA nach Bayern importierte, aber\u00a0 nicht die letzten. Unter Miniaturpferdez\u00fcchtern und Haltern gibt es ein Sprichwort: \u201eSie sind wie Kartoffelchips \u2013 einmal angefangen, kann man nicht mehr aufh\u00f6ren!\u201c. Wenn ich heute einen Blick in meine volle Stallungen werfe, dann kann ich das nur best\u00e4tigen.<\/span><\/p>\n\n\n<figure class=\"wp-block-image size-large is-resized\"><img loading=\"lazy\" decoding=\"async\" width=\"1024\" height=\"683\" src=\"https:\/\/www.minipferd.de\/wp-content\/uploads\/2024\/05\/LA_05475_webt-1024x683.jpg\" alt=\"\" class=\"wp-image-2102\" style=\"width:690px;height:auto\" srcset=\"https:\/\/www.minipferd.de\/wp-content\/uploads\/2024\/05\/LA_05475_webt-1024x683.jpg 1024w, https:\/\/www.minipferd.de\/wp-content\/uploads\/2024\/05\/LA_05475_webt-300x200.jpg 300w, https:\/\/www.minipferd.de\/wp-content\/uploads\/2024\/05\/LA_05475_webt-768x512.jpg 768w, https:\/\/www.minipferd.de\/wp-content\/uploads\/2024\/05\/LA_05475_webt-1536x1025.jpg 1536w, https:\/\/www.minipferd.de\/wp-content\/uploads\/2024\/05\/LA_05475_webt-1320x880.jpg 1320w, https:\/\/www.minipferd.de\/wp-content\/uploads\/2024\/05\/LA_05475_webt.jpg 2000w\" sizes=\"(max-width: 1024px) 100vw, 1024px\" \/><\/figure>\n\n\n\n<p><\/p>\n\n\n\n<p class=\"has-yellow-color has-text-color has-link-color wp-elements-278dbd171a7372cbb5659b65bd2bbc2b\">Kurz nachdem meine ersten Pferdchen aus den USA\u00a0eingetroffen waren und ich feststellen musste, dass diese Rasse meine hohen Erwartungen an Sie noch um einiges \u00fcbertraf, fasste ich den Entschluss, dass diese Rasse in Deutschland und Europa einfach bekannter werden m\u00fcsste. Ich machte es mir zur Aufgabe, mit einem au\u00dferordentlich hochwertigen Zuchtstock und \u00fcberzeugenden, selektiven Zuchtprogramm die Rasse noch zu verbessern und deren Bekanntheitsgrad zu steigern.<\/p>\n\n\n\n<p class=\"has-yellow-color has-text-color has-link-color wp-elements-512fad57241e96052c368fa0a8b295fd\">Von den bisher nur wenigen, aber qualitativ \u00fcberragenden Fohlen aus unserem Zuchtprogramm finden sich bereits heute Vertreter nicht nur in Deutschland, sondern auch in Gro\u00dfbritannien, den Niederlanden, D\u00e4nemark, \u00d6sterreich, der Schweiz, Finnland, Spanien, Russland, Schweden und Italien.<\/p>\n\n\n\n<p class=\"has-yellow-color has-text-color has-link-color wp-elements-dd38566ec0101af3982ba06040945e5b\">Heute haben wir neben den Amerikanischen Miniaturpferden auch noch die kleinen Miniatur Tigerschecken. Meine Tochter Julia hat sich g\u00e4nzlich in die kleinen Punkteminis verliebt.<\/p>\n\n\n\n<p class=\"has-yellow-color has-text-color has-link-color wp-elements-b2832e14fc7da3f1a84f566107c9f047\">&#8211; Mitglied im Bay. ZV f\u00fcr Spezialpferderassen<br>&#8211; Cornelia Steinbrecher: AMHA lizensierte internationale Miniaturpferderichterin<\/p>\n\n\n\n<div class=\"wp-block-buttons is-layout-flex wp-block-buttons-is-layout-flex\">\n<div class=\"wp-block-button aligncenter\"><a class=\"wp-block-button__link wp-element-button\" href=\"https:\/\/steinbrechers.shop\">Zum Shop<\/a><\/div>\n<\/div>\n","protected":false},"excerpt":{"rendered":"<p>Wie alles begann Eigentlich ist es doch unglaublich, dass bis zum Jahre 2002 kaum einer in Deutschland \u00fcberhaupt jemals von der Rasse \u201eAmerikanisches Miniaturpferd\u201c geh\u00f6rt hatte. Ich selbst habe nur \u00fcber das Internet \u00fcber die Rasse erfahren. Damals war ich auf der Suche nach einem Pferd, das meine Tochter liebhaben und verw\u00f6hnen k\u00f6nnte und ein &hellip; <a href=\"https:\/\/www.minipferd.de\/?page_id=27\" class=\"more-link\"><span class=\"screen-reader-text\">\u00dcber uns<\/span> weiterlesen<\/a><\/p>\n","protected":false},"author":1,"featured_media":0,"parent":0,"menu_order":1,"comment_status":"closed","ping_status":"closed","template":"","meta":{"footnotes":""},"class_list":["post-27","page","type-page","status-publish","hentry"],"_links":{"self":[{"href":"https:\/\/www.minipferd.de\/index.php?rest_route=\/wp\/v2\/pages\/27"}],"collection":[{"href":"https:\/\/www.minipferd.de\/index.php?rest_route=\/wp\/v2\/pages"}],"about":[{"href":"https:\/\/www.minipferd.de\/index.php?rest_route=\/wp\/v2\/types\/page"}],"author":[{"embeddable":true,"href":"https:\/\/www.minipferd.de\/index.php?rest_route=\/wp\/v2\/users\/1"}],"replies":[{"embeddable":true,"href":"https:\/\/www.minipferd.de\/index.php?rest_route=%2Fwp%2Fv2%2Fcomments&post=27"}],"version-history":[{"count":50,"href":"https:\/\/www.minipferd.de\/index.php?rest_route=\/wp\/v2\/pages\/27\/revisions"}],"predecessor-version":[{"id":2319,"href":"https:\/\/www.minipferd.de\/index.php?rest_route=\/wp\/v2\/pages\/27\/revisions\/2319"}],"wp:attachment":[{"href":"https:\/\/www.minipferd.de\/index.php?rest_route=%2Fwp%2Fv2%2Fmedia&parent=27"}],"curies":[{"name":"wp","href":"https:\/\/api.w.org\/{rel}","templated":true}]}}

Über uns

<figure class="wp-block-gallery has-nested-images columns-default is-cropped wp-block-gallery-1 is-layout-flex wp-block-gallery-is-layout-flex">
<figure class="wp-block-image size-large"><img loading="lazy" decoding="async" width="1024" height="683" data-id="2098" src="https://www.minipferd.de/wp-content/uploads/2024/05/172A6635_web-1024x683.jpg" alt="" class="wp-image-2098" srcset="https://www.minipferd.de/wp-content/uploads/2024/05/172A6635_web-1024x683.jpg 1024w, https://www.minipferd.de/wp-content/uploads/2024/05/172A6635_web-300x200.jpg 300w, https://www.minipferd.de/wp-content/uploads/2024/05/172A6635_web-768x512.jpg 768w, https://www.minipferd.de/wp-content/uploads/2024/05/172A6635_web-1536x1025.jpg 1536w, https://www.minipferd.de/wp-content/uploads/2024/05/172A6635_web-1320x880.jpg 1320w, https://www.minipferd.de/wp-content/uploads/2024/05/172A6635_web.jpg 2000w" sizes="(max-width: 1024px) 100vw, 1024px" /></figure>
</figure>


<p><strong><span style="color: #ffcc00;">Wie alles begann</span></strong></p>
<p><span style="color: #ffcc00;">Eigentlich ist es doch unglaublich, dass bis zum Jahre 2002 kaum einer in Deutschland überhaupt jemals von der Rasse „Amerikanisches Miniaturpferd“ gehört hatte. Ich selbst habe nur über das Internet über die Rasse erfahren. Damals war ich auf der Suche nach einem Pferd, das meine Tochter liebhaben und verwöhnen könnte und ein Beistellpferd für ihr Shetland Pony Mogli. Heutzutage, bin ich stolze Besitzerin von ca. 25 Amerikanischen Miniaturpferden und der Miniaturpferdezucht Steinbrecher (CS Royal Miniature Horses). Es ist mir sogar gelungen, den Bayerischen Zuchtverband für Spezialpferderassen davon zu überzeugen, ein Zuchtbuch für diese Rasse in Deutschland zu eröffnen.</span></p>
<p><span style="color: #ffcc00;">Aber vielleicht sollte ich etwas weiter ausholen: Ich war schon immer eine Pferdeliebhaberin – genau wie auch mein Ehemann. Als ich zum ersten Mal im Alter von sechs Jahren auf einem Pferderücken saß, wusste ich, dass Pferde immer der Mittelpunkt meines Lebens sein würden. Als Kind und Teenager verbrachte ich jede freie Minute im Stall und lernte Pferde zu pflegen und zu reiten und diese wunderbaren Geschöpfe einfach liebzuhaben.</span></p>
<p><span style="color: #ffcc00;">Später begann ich dann Turniere zu reiten – zuerst hauptsächlich im Springen (bis Klasse M) und später in der Dressur (bis Prix-St.-Georges) – und ich verdanke es meinen tollen Stuten, dass ich doch ziemlich oft Schleifen und Pokale mit nach Hause nehmen durfte. Da mein  Ehemann und ich solche Pferdenarren sind, war es sicherlich kein Wunder, dass auch meine Tochter schon von klein auf von Pferden begeistert war. Ihr erstes eigenes Pferd bekam sie im Alter von drei Jahren: einen Shetland Pony Wallach mit Namen Mogli. Mogli ist hervorragend ausgebildet und verhalf meiner Tochter zu nicht wenigen Siegen in der Führzügelklasse, aber als Mutter hat es mir schon immer Sorgen gemacht, dass Mogli im Vergleich zu meiner Tochter doch ziemlich groß und kräftig ist. Auch als sie schon etwas älter war, hatte meine Tochter immer wieder Probleme, mit Mogli fertigzuwerden, da er so viel stärker ist und wie die meisten Ponys einfach seinen eigenen Kopf hat.</span></p>
<p><span style="color: #ffcc00;">Also macht ich mich auf die Suche nach einem kleinen Pony, an dem meine Tochter richtig Freude haben würde. Ich wollte etwas kleineres als Mogli und etwas, das auch für ein kleines Kind im Umgang einfach sein sollte.</span></p>


<figure class="wp-block-image size-large"><img loading="lazy" decoding="async" width="1024" height="683" src="https://www.minipferd.de/wp-content/uploads/2024/05/C8A8875_web-1024x683.jpg" alt="" class="wp-image-2101" srcset="https://www.minipferd.de/wp-content/uploads/2024/05/C8A8875_web-1024x683.jpg 1024w, https://www.minipferd.de/wp-content/uploads/2024/05/C8A8875_web-300x200.jpg 300w, https://www.minipferd.de/wp-content/uploads/2024/05/C8A8875_web-768x512.jpg 768w, https://www.minipferd.de/wp-content/uploads/2024/05/C8A8875_web-1536x1025.jpg 1536w, https://www.minipferd.de/wp-content/uploads/2024/05/C8A8875_web-1320x880.jpg 1320w, https://www.minipferd.de/wp-content/uploads/2024/05/C8A8875_web.jpg 2000w" sizes="(max-width: 1024px) 100vw, 1024px" /></figure>


<p><strong><span style="color: #ffcc00;">Meine Suche </span></strong></p>
<p><span style="color: #ffcc00;">begann in Deutschland und dehnte sich bald über ganz Europa aus, aber ich hatte kein Glück. Das Problem war dabei nicht, etwas Kleines zu finden, denn Falabellas und Minishettys gab es im Überfluss. Das Problem war immer noch der eigensinnige Ponycharakter, den ich ja gerade nicht wollte. Außerdem muss ich auch zugeben, dass ich dadurch, dass ich selbst so lange Großpferde geritten bin, mir auch etwas Hübscheres wünschte, als das, was mir angeboten wurde.</span></p>
<p><span style="color: #ffcc00;">Mein Traum war es, ein kleines Pony mit einem Großpferdecharakter zu finden UND mit dem Aussehen eines Großpferdes, d.h. ein gut proportionierter, schmaler Körper, ein zierlicher Kopf mit großen Augen, ein langer schmaler Hals, lange Beine, ein kurzer Rücken etc. Nun half mir eine Internetrecherche weiter, denn für ein Großpferd in Miniatur gab es schlicht nur ein Suchergebnis: Das Amerikanische Miniaturpferd!</span></p>
<p><span style="color: #ffcc00;">Ich nahm Kontakt zu einigen Züchtern in den USA auf und im Jahre 2002 ergab sich endlich die Gelegenheit, eine fantastische kleine Herde von einem Züchter in Pennsylvania zu erwerben, der seine Zucht aufgeben musste.</span></p>
<p><span style="color: #ffcc00;">Diese Kleinen – ein Hengst, drei Stuten und ein Stutfohlen bei Fuß – waren die ersten Pferdchen, die ich auch den USA nach Bayern importierte, aber  nicht die letzten. Unter Miniaturpferdezüchtern und Haltern gibt es ein Sprichwort: „Sie sind wie Kartoffelchips – einmal angefangen, kann man nicht mehr aufhören!“. Wenn ich heute einen Blick in meine volle Stallungen werfe, dann kann ich das nur bestätigen.</span></p>


<figure class="wp-block-image size-large is-resized"><img loading="lazy" decoding="async" width="1024" height="683" src="https://www.minipferd.de/wp-content/uploads/2024/05/LA_05475_webt-1024x683.jpg" alt="" class="wp-image-2102" style="width:690px;height:auto" srcset="https://www.minipferd.de/wp-content/uploads/2024/05/LA_05475_webt-1024x683.jpg 1024w, https://www.minipferd.de/wp-content/uploads/2024/05/LA_05475_webt-300x200.jpg 300w, https://www.minipferd.de/wp-content/uploads/2024/05/LA_05475_webt-768x512.jpg 768w, https://www.minipferd.de/wp-content/uploads/2024/05/LA_05475_webt-1536x1025.jpg 1536w, https://www.minipferd.de/wp-content/uploads/2024/05/LA_05475_webt-1320x880.jpg 1320w, https://www.minipferd.de/wp-content/uploads/2024/05/LA_05475_webt.jpg 2000w" sizes="(max-width: 1024px) 100vw, 1024px" /></figure>



<p></p>



<p class="has-yellow-color has-text-color has-link-color wp-elements-278dbd171a7372cbb5659b65bd2bbc2b">Kurz nachdem meine ersten Pferdchen aus den USA eingetroffen waren und ich feststellen musste, dass diese Rasse meine hohen Erwartungen an Sie noch um einiges übertraf, fasste ich den Entschluss, dass diese Rasse in Deutschland und Europa einfach bekannter werden müsste. Ich machte es mir zur Aufgabe, mit einem außerordentlich hochwertigen Zuchtstock und überzeugenden, selektiven Zuchtprogramm die Rasse noch zu verbessern und deren Bekanntheitsgrad zu steigern.</p>



<p class="has-yellow-color has-text-color has-link-color wp-elements-512fad57241e96052c368fa0a8b295fd">Von den bisher nur wenigen, aber qualitativ überragenden Fohlen aus unserem Zuchtprogramm finden sich bereits heute Vertreter nicht nur in Deutschland, sondern auch in Großbritannien, den Niederlanden, Dänemark, Österreich, der Schweiz, Finnland, Spanien, Russland, Schweden und Italien.</p>



<p class="has-yellow-color has-text-color has-link-color wp-elements-dd38566ec0101af3982ba06040945e5b">Heute haben wir neben den Amerikanischen Miniaturpferden auch noch die kleinen Miniatur Tigerschecken. Meine Tochter Julia hat sich gänzlich in die kleinen Punkteminis verliebt.</p>



<p class="has-yellow-color has-text-color has-link-color wp-elements-b2832e14fc7da3f1a84f566107c9f047">&#8211; Mitglied im Bay. ZV für Spezialpferderassen<br>&#8211; Cornelia Steinbrecher: AMHA lizensierte internationale Miniaturpferderichterin</p>



<div class="wp-block-buttons is-layout-flex wp-block-buttons-is-layout-flex">
<div class="wp-block-button aligncenter"><a class="wp-block-button__link wp-element-button" href="https://steinbrechers.shop">Zum Shop</a></div>
</div>

<p>Wie alles begann Eigentlich ist es doch unglaublich, dass bis zum Jahre 2002 kaum einer in Deutschland überhaupt jemals von der Rasse „Amerikanisches Miniaturpferd“ gehört hatte. Ich selbst habe nur über das Internet über die Rasse erfahren. Damals war ich auf der Suche nach einem Pferd, das meine Tochter liebhaben und verwöhnen könnte und ein &hellip; <a href="https://www.minipferd.de/?page_id=27" class="more-link"><span class="screen-reader-text">Über uns</span> weiterlesen</a></p>
