{"id":26,"date":"2018-02-20T11:31:29","date_gmt":"2018-02-20T10:31:29","guid":{"rendered":"http:\/\/www.minipferd.de\/?page_id=26"},"modified":"2022-05-18T15:24:10","modified_gmt":"2022-05-18T13:24:10","slug":"startseite-2","status":"publish","type":"page","link":"https:\/\/www.minipferd.de\/","title":{"rendered":"Herzlich Willkommen!"},"content":{"rendered":"\n<div class=\"wp-block-columns is-layout-flex wp-container-core-columns-is-layout-1 wp-block-columns-is-layout-flex\">\n<div class=\"wp-block-column is-layout-flow wp-block-column-is-layout-flow\">\n<p><span style=\"color: #ffcc00;\"><strong>Wenn Sie das Au\u00dfergew\u00f6hnliche suchen, dann sind Sie bei uns genau richtig<\/strong>: Hier, bei der Miniaturpferdezucht Steinbrecher, z\u00fcchten wir Pferde im Miniaturformat. Bei uns hat Qualit\u00e4t allererste Priorit\u00e4t.<\/span><\/p>\n<\/div>\n\n\n\n<div class=\"wp-block-column is-layout-flow wp-block-column-is-layout-flow\">\n<div class=\"wp-block-image\"><figure class=\"aligncenter size-full is-resized\"><a href=\"https:\/\/steinbrechers.shop\"><img loading=\"lazy\" decoding=\"async\" src=\"http:\/\/www.minipferd.de\/wp-content\/uploads\/2022\/05\/Logo-Steinbrechers-klein.png\" alt=\"\" class=\"wp-image-1838\" width=\"250\" height=\"176\" srcset=\"https:\/\/www.minipferd.de\/wp-content\/uploads\/2022\/05\/Logo-Steinbrechers-klein.png 500w, https:\/\/www.minipferd.de\/wp-content\/uploads\/2022\/05\/Logo-Steinbrechers-klein-300x211.png 300w\" sizes=\"(max-width: 250px) 100vw, 250px\" \/><\/a><figcaption><strong><a href=\"https:\/\/steinbrechers.shop\">Zum Steinbrechers Shop<\/a><\/strong><\/figcaption><\/figure><\/div>\n<\/div>\n<\/div>\n\n\n<p><span style=\"color: #ffcc00;\">Jedes einzelne unserer Zuchtpferde wurde von uns sorgf\u00e4ltig nach strengen Kriterien ausgew\u00e4hlt. Besonderen Wert legen wir auf einen sch\u00f6nen Typ, einen feingliedrigen und korrekten K\u00f6rperbau, einen herausragenden Bewegungsablauf und einen einwandfreien gutm\u00fctigen Charakter.<\/span><\/p>\n<p><span style=\"color: #ffcc01;\">Auf unserer Website finden Sie ausf\u00fchrliche Informationen \u00fcber jedes einzelne unserer Pferde und \u00fcber uns, zus\u00e4tzlich alles Wissenswerte zu der Rasse &#8222;Amerikanisches Miniaturpferd&#8220;. Insbesondere haben wir eine Seite mit den h\u00e4ufigsten und wichtigsten Fragen und Fakten rund um das Amerikanische Miniaturpferd zusammengestellt. Diese Seite finden Sie hier:<\/span> <a href=\"http:\/\/www.wp.minipferd.de\/?page_id=282\"><span style=\"color: #999999;\"><strong>&gt;&gt;H\u00e4ufige Fragen&lt;&lt;<\/strong><\/span><\/a>.<\/p>\n<p><span style=\"color: #ffcc01;\">Viel Spa\u00df auf unserer Website!<\/span><\/p>\n\n\n<p><\/p>\n","protected":false},"excerpt":{"rendered":"<p>Wenn Sie das Au\u00dfergew\u00f6hnliche suchen, dann sind Sie bei uns genau richtig: Hier, bei der Miniaturpferdezucht Steinbrecher, z\u00fcchten wir Pferde im Miniaturformat. Bei uns hat Qualit\u00e4t allererste Priorit\u00e4t. Jedes einzelne unserer Zuchtpferde wurde von uns sorgf\u00e4ltig nach strengen Kriterien ausgew\u00e4hlt. Besonderen Wert legen wir auf einen sch\u00f6nen Typ, einen feingliedrigen und korrekten K\u00f6rperbau, einen herausragenden &hellip; <a href=\"https:\/\/www.minipferd.de\/\" class=\"more-link\"><span class=\"screen-reader-text\">Herzlich Willkommen!<\/span> weiterlesen<\/a><\/p>\n","protected":false},"author":1,"featured_media":382,"parent":0,"menu_order":0,"comment_status":"closed","ping_status":"closed","template":"","meta":{"footnotes":""},"class_list":["post-26","page","type-page","status-publish","has-post-thumbnail","hentry"],"_links":{"self":[{"href":"https:\/\/www.minipferd.de\/index.php?rest_route=\/wp\/v2\/pages\/26"}],"collection":[{"href":"https:\/\/www.minipferd.de\/index.php?rest_route=\/wp\/v2\/pages"}],"about":[{"href":"https:\/\/www.minipferd.de\/index.php?rest_route=\/wp\/v2\/types\/page"}],"author":[{"embeddable":true,"href":"https:\/\/www.minipferd.de\/index.php?rest_route=\/wp\/v2\/users\/1"}],"replies":[{"embeddable":true,"href":"https:\/\/www.minipferd.de\/index.php?rest_route=%2Fwp%2Fv2%2Fcomments&post=26"}],"version-history":[{"count":31,"href":"https:\/\/www.minipferd.de\/index.php?rest_route=\/wp\/v2\/pages\/26\/revisions"}],"predecessor-version":[{"id":1846,"href":"https:\/\/www.minipferd.de\/index.php?rest_route=\/wp\/v2\/pages\/26\/revisions\/1846"}],"wp:featuredmedia":[{"embeddable":true,"href":"https:\/\/www.minipferd.de\/index.php?rest_route=\/wp\/v2\/media\/382"}],"wp:attachment":[{"href":"https:\/\/www.minipferd.de\/index.php?rest_route=%2Fwp%2Fv2%2Fmedia&parent=26"}],"curies":[{"name":"wp","href":"https:\/\/api.w.org\/{rel}","templated":true}]}}