{"id":2153,"date":"2024-05-03T18:18:05","date_gmt":"2024-05-03T16:18:05","guid":{"rendered":"https:\/\/www.minipferd.de\/?page_id=2153"},"modified":"2025-09-10T12:48:49","modified_gmt":"2025-09-10T10:48:49","slug":"js-royal-cocos-tiffany","status":"publish","type":"page","link":"https:\/\/www.minipferd.de\/?page_id=2153","title":{"rendered":"JS Royal Cocos Tiffany"},"content":{"rendered":"\n<div class=\"wp-block-group mobile-flex-reverse is-nowrap is-layout-flex wp-container-core-group-is-layout-3 wp-block-group-is-layout-flex\">\n<div class=\"wp-block-group wp-container-content-1\"><div class=\"wp-block-group__inner-container is-layout-constrained wp-block-group-is-layout-constrained\">\n<p class=\"has-yellow-color has-text-color has-link-color wp-elements-94307fbe8d8650265d5ac1bf211b673a\">Spitzname: Tiffy<br>Geboren: 09.04.2023<br>Gr\u00f6\u00dfe: 75cm<br>Farbe: Braunschecke<\/p>\n<\/div><\/div>\n\n\n\n<div class=\"wp-block-group wp-container-content-2\"><div class=\"wp-block-group__inner-container is-layout-constrained wp-block-group-is-layout-constrained\">\n<figure class=\"wp-block-image size-full is-style-default\"><img loading=\"lazy\" decoding=\"async\" width=\"921\" height=\"575\" src=\"http:\/\/www.minipferd.de\/wp-content\/uploads\/2024\/05\/IMG_9754.jpg\" alt=\"\" class=\"wp-image-2074\" style=\"object-fit:cover\" srcset=\"https:\/\/www.minipferd.de\/wp-content\/uploads\/2024\/05\/IMG_9754.jpg 921w, https:\/\/www.minipferd.de\/wp-content\/uploads\/2024\/05\/IMG_9754-300x187.jpg 300w, https:\/\/www.minipferd.de\/wp-content\/uploads\/2024\/05\/IMG_9754-768x479.jpg 768w\" sizes=\"(max-width: 921px) 100vw, 921px\" \/><\/figure>\n<\/div><\/div>\n<\/div>\n\n\n\n<p class=\"has-yellow-color has-text-color has-link-color wp-elements-8e33c9c01df1e533a434995e91dd1b43\">Unsere kleine Tiffy ist ein ganz besonders St\u00fcbchen. Sie besticht durch ein wundersch\u00f6nes Araberk\u00f6pfchen, einen sehr feinen K\u00f6rperbau und einen absoluten Traumcharakter. Sie ist m\u00fctterlicherseits bereits 3. Generation Eigenzucht.<br><br>Dass sich die Kleine auch bewegen kann, hat sie auf ihrer ersten Show in Belgien unter Beweis gestellt. Dort konnte sie sich super platzieren!<br><\/p>\n\n\n\n<figure class=\"wp-block-gallery has-nested-images columns-default is-cropped wp-block-gallery-1 is-layout-flex wp-block-gallery-is-layout-flex\">\n<figure class=\"wp-block-image size-large\"><img loading=\"lazy\" decoding=\"async\" width=\"640\" height=\"427\" data-id=\"2655\" src=\"https:\/\/www.minipferd.de\/wp-content\/uploads\/2024\/08\/5F3A7832-2.jpg\" alt=\"\" class=\"wp-image-2655\" srcset=\"https:\/\/www.minipferd.de\/wp-content\/uploads\/2024\/08\/5F3A7832-2.jpg 640w, https:\/\/www.minipferd.de\/wp-content\/uploads\/2024\/08\/5F3A7832-2-300x200.jpg 300w\" sizes=\"(max-width: 640px) 100vw, 640px\" \/><\/figure>\n\n\n\n<figure class=\"wp-block-image size-large\"><img loading=\"lazy\" decoding=\"async\" width=\"640\" height=\"427\" data-id=\"2657\" src=\"https:\/\/www.minipferd.de\/wp-content\/uploads\/2024\/08\/5F3A7861-2.jpg\" alt=\"\" class=\"wp-image-2657\" srcset=\"https:\/\/www.minipferd.de\/wp-content\/uploads\/2024\/08\/5F3A7861-2.jpg 640w, https:\/\/www.minipferd.de\/wp-content\/uploads\/2024\/08\/5F3A7861-2-300x200.jpg 300w\" sizes=\"(max-width: 640px) 100vw, 640px\" \/><\/figure>\n<\/figure>\n\n\n\n<figure class=\"wp-block-gallery has-nested-images columns-default is-cropped wp-block-gallery-2 is-layout-flex wp-block-gallery-is-layout-flex\">\n<figure class=\"wp-block-image size-large\"><img loading=\"lazy\" decoding=\"async\" width=\"682\" height=\"1024\" data-id=\"2369\" src=\"https:\/\/www.minipferd.de\/wp-content\/uploads\/2024\/07\/image2-682x1024.jpg\" alt=\"\" class=\"wp-image-2369\" srcset=\"https:\/\/www.minipferd.de\/wp-content\/uploads\/2024\/07\/image2-682x1024.jpg 682w, https:\/\/www.minipferd.de\/wp-content\/uploads\/2024\/07\/image2-200x300.jpg 200w, https:\/\/www.minipferd.de\/wp-content\/uploads\/2024\/07\/image2-768x1152.jpg 768w, https:\/\/www.minipferd.de\/wp-content\/uploads\/2024\/07\/image2-1024x1536.jpg 1024w, https:\/\/www.minipferd.de\/wp-content\/uploads\/2024\/07\/image2-1320x1980.jpg 1320w, https:\/\/www.minipferd.de\/wp-content\/uploads\/2024\/07\/image2.jpg 1333w\" sizes=\"(max-width: 682px) 100vw, 682px\" \/><\/figure>\n\n\n\n<figure class=\"wp-block-image size-large\"><img loading=\"lazy\" decoding=\"async\" width=\"1024\" height=\"683\" data-id=\"2281\" src=\"https:\/\/www.minipferd.de\/wp-content\/uploads\/2024\/05\/0A4A7696-1024x683.jpg\" alt=\"\" class=\"wp-image-2281\" srcset=\"https:\/\/www.minipferd.de\/wp-content\/uploads\/2024\/05\/0A4A7696-1024x683.jpg 1024w, https:\/\/www.minipferd.de\/wp-content\/uploads\/2024\/05\/0A4A7696-300x200.jpg 300w, https:\/\/www.minipferd.de\/wp-content\/uploads\/2024\/05\/0A4A7696-768x512.jpg 768w, https:\/\/www.minipferd.de\/wp-content\/uploads\/2024\/05\/0A4A7696-1536x1024.jpg 1536w, https:\/\/www.minipferd.de\/wp-content\/uploads\/2024\/05\/0A4A7696-1320x880.jpg 1320w, https:\/\/www.minipferd.de\/wp-content\/uploads\/2024\/05\/0A4A7696.jpg 1900w\" sizes=\"(max-width: 1024px) 100vw, 1024px\" \/><\/figure>\n<\/figure>\n\n\n\n<figure class=\"wp-block-gallery has-nested-images columns-default is-cropped wp-block-gallery-3 is-layout-flex wp-block-gallery-is-layout-flex\">\n<figure class=\"wp-block-image size-large\"><img loading=\"lazy\" decoding=\"async\" width=\"1024\" height=\"682\" data-id=\"2367\" src=\"https:\/\/www.minipferd.de\/wp-content\/uploads\/2024\/07\/image4-1024x682.jpg\" alt=\"\" class=\"wp-image-2367\" srcset=\"https:\/\/www.minipferd.de\/wp-content\/uploads\/2024\/07\/image4-1024x682.jpg 1024w, https:\/\/www.minipferd.de\/wp-content\/uploads\/2024\/07\/image4-300x200.jpg 300w, https:\/\/www.minipferd.de\/wp-content\/uploads\/2024\/07\/image4-768x512.jpg 768w, https:\/\/www.minipferd.de\/wp-content\/uploads\/2024\/07\/image4-1536x1024.jpg 1536w, https:\/\/www.minipferd.de\/wp-content\/uploads\/2024\/07\/image4-1320x880.jpg 1320w, https:\/\/www.minipferd.de\/wp-content\/uploads\/2024\/07\/image4.jpg 2000w\" sizes=\"(max-width: 1024px) 100vw, 1024px\" \/><\/figure>\n<\/figure>\n\n\n\n<figure class=\"wp-block-gallery has-nested-images columns-default is-cropped wp-block-gallery-4 is-layout-flex wp-block-gallery-is-layout-flex\">\n<figure class=\"wp-block-image size-large\"><img loading=\"lazy\" decoding=\"async\" width=\"1024\" height=\"683\" data-id=\"2170\" src=\"https:\/\/www.minipferd.de\/wp-content\/uploads\/2024\/05\/IMG_7163-Kopie3-1024x683.png\" alt=\"\" class=\"wp-image-2170\" srcset=\"https:\/\/www.minipferd.de\/wp-content\/uploads\/2024\/05\/IMG_7163-Kopie3-1024x683.png 1024w, https:\/\/www.minipferd.de\/wp-content\/uploads\/2024\/05\/IMG_7163-Kopie3-300x200.png 300w, https:\/\/www.minipferd.de\/wp-content\/uploads\/2024\/05\/IMG_7163-Kopie3-768x512.png 768w, https:\/\/www.minipferd.de\/wp-content\/uploads\/2024\/05\/IMG_7163-Kopie3-1536x1024.png 1536w, https:\/\/www.minipferd.de\/wp-content\/uploads\/2024\/05\/IMG_7163-Kopie3-1320x880.png 1320w, https:\/\/www.minipferd.de\/wp-content\/uploads\/2024\/05\/IMG_7163-Kopie3.png 2048w\" sizes=\"(max-width: 1024px) 100vw, 1024px\" \/><\/figure>\n\n\n\n<figure class=\"wp-block-image size-large\"><img loading=\"lazy\" decoding=\"async\" width=\"2560\" height=\"1707\" data-id=\"2659\" src=\"https:\/\/www.minipferd.de\/wp-content\/uploads\/2024\/08\/IMG_0449-edited-scaled.jpg\" alt=\"\" class=\"wp-image-2659\" srcset=\"https:\/\/www.minipferd.de\/wp-content\/uploads\/2024\/08\/IMG_0449-edited-scaled.jpg 2560w, https:\/\/www.minipferd.de\/wp-content\/uploads\/2024\/08\/IMG_0449-edited-300x200.jpg 300w, https:\/\/www.minipferd.de\/wp-content\/uploads\/2024\/08\/IMG_0449-edited-1024x683.jpg 1024w, https:\/\/www.minipferd.de\/wp-content\/uploads\/2024\/08\/IMG_0449-edited-768x512.jpg 768w, https:\/\/www.minipferd.de\/wp-content\/uploads\/2024\/08\/IMG_0449-edited-1536x1024.jpg 1536w, https:\/\/www.minipferd.de\/wp-content\/uploads\/2024\/08\/IMG_0449-edited-2048x1366.jpg 2048w, https:\/\/www.minipferd.de\/wp-content\/uploads\/2024\/08\/IMG_0449-edited-1320x880.jpg 1320w\" sizes=\"(max-width: 2560px) 100vw, 2560px\" \/><\/figure>\n<\/figure>\n\n\n\n<div class=\"wp-block-columns is-layout-flex wp-container-core-columns-is-layout-1 wp-block-columns-is-layout-flex\">\n<div class=\"wp-block-column has-yellow-color has-text-color has-link-color wp-elements-79d67d87ff139a5d85156aeda3130695 is-layout-flow wp-block-column-is-layout-flow\">\n<h2 class=\"wp-block-heading\">Mutter<\/h2>\n\n\n\n<figure class=\"wp-block-image size-large\"><img loading=\"lazy\" decoding=\"async\" width=\"1024\" height=\"683\" src=\"http:\/\/www.minipferd.de\/wp-content\/uploads\/2022\/01\/MO1A0512_Web-1024x683.jpg\" alt=\"\" class=\"wp-image-1436\" style=\"aspect-ratio:4\/3;object-fit:cover\" srcset=\"https:\/\/www.minipferd.de\/wp-content\/uploads\/2022\/01\/MO1A0512_Web-1024x683.jpg 1024w, https:\/\/www.minipferd.de\/wp-content\/uploads\/2022\/01\/MO1A0512_Web-350x233.jpg 350w, https:\/\/www.minipferd.de\/wp-content\/uploads\/2022\/01\/MO1A0512_Web-300x200.jpg 300w, https:\/\/www.minipferd.de\/wp-content\/uploads\/2022\/01\/MO1A0512_Web-768x512.jpg 768w, https:\/\/www.minipferd.de\/wp-content\/uploads\/2022\/01\/MO1A0512_Web-1536x1024.jpg 1536w, https:\/\/www.minipferd.de\/wp-content\/uploads\/2022\/01\/MO1A0512_Web-2048x1365.jpg 2048w\" sizes=\"(max-width: 1024px) 100vw, 1024px\" \/><figcaption class=\"wp-element-caption\"><a href=\"https:\/\/www.minipferd.de\/?page_id=567\" data-type=\"page\" data-id=\"567\">CS Royal Coco Chanel<\/a><\/figcaption><\/figure>\n<\/div>\n\n\n\n<div class=\"wp-block-column has-yellow-color has-text-color has-link-color wp-elements-c790113c487eb0ac9de821799874ea9d is-layout-flow wp-block-column-is-layout-flow\">\n<h2 class=\"wp-block-heading\">Vater<\/h2>\n\n\n\n<figure class=\"wp-block-image size-full\"><img loading=\"lazy\" decoding=\"async\" width=\"839\" height=\"638\" src=\"https:\/\/www.minipferd.de\/wp-content\/uploads\/2024\/08\/ecafc19d-f774-4fc4-8f68-1939286003e7.jpg\" alt=\"\" class=\"wp-image-2653\" style=\"aspect-ratio:4\/3;object-fit:cover\" srcset=\"https:\/\/www.minipferd.de\/wp-content\/uploads\/2024\/08\/ecafc19d-f774-4fc4-8f68-1939286003e7.jpg 839w, https:\/\/www.minipferd.de\/wp-content\/uploads\/2024\/08\/ecafc19d-f774-4fc4-8f68-1939286003e7-300x228.jpg 300w, https:\/\/www.minipferd.de\/wp-content\/uploads\/2024\/08\/ecafc19d-f774-4fc4-8f68-1939286003e7-768x584.jpg 768w\" sizes=\"(max-width: 839px) 100vw, 839px\" \/><figcaption class=\"wp-element-caption\"><mark style=\"background-color:rgba(0, 0, 0, 0)\" class=\"has-inline-color has-yellow-color\">Adonis A Black Hawk<\/mark><\/figcaption><\/figure>\n<\/div>\n<\/div>\n\n\n\n<p><\/p>\n","protected":false},"excerpt":{"rendered":"<p>Spitzname: TiffyGeboren: 09.04.2023Gr\u00f6\u00dfe: 75cmFarbe: Braunschecke Unsere kleine Tiffy ist ein ganz besonders St\u00fcbchen. Sie besticht durch ein wundersch\u00f6nes Araberk\u00f6pfchen, einen sehr feinen K\u00f6rperbau und einen absoluten Traumcharakter. Sie ist m\u00fctterlicherseits bereits 3. Generation Eigenzucht. Dass sich die Kleine auch bewegen kann, hat sie auf ihrer ersten Show in Belgien unter Beweis gestellt. Dort konnte sie &hellip; <a href=\"https:\/\/www.minipferd.de\/?page_id=2153\" class=\"more-link\"><span class=\"screen-reader-text\">JS Royal Cocos Tiffany<\/span> weiterlesen<\/a><\/p>\n","protected":false},"author":2,"featured_media":0,"parent":249,"menu_order":0,"comment_status":"closed","ping_status":"closed","template":"","meta":{"footnotes":""},"class_list":["post-2153","page","type-page","status-publish","hentry"],"_links":{"self":[{"href":"https:\/\/www.minipferd.de\/index.php?rest_route=\/wp\/v2\/pages\/2153"}],"collection":[{"href":"https:\/\/www.minipferd.de\/index.php?rest_route=\/wp\/v2\/pages"}],"about":[{"href":"https:\/\/www.minipferd.de\/index.php?rest_route=\/wp\/v2\/types\/page"}],"author":[{"embeddable":true,"href":"https:\/\/www.minipferd.de\/index.php?rest_route=\/wp\/v2\/users\/2"}],"replies":[{"embeddable":true,"href":"https:\/\/www.minipferd.de\/index.php?rest_route=%2Fwp%2Fv2%2Fcomments&post=2153"}],"version-history":[{"count":15,"href":"https:\/\/www.minipferd.de\/index.php?rest_route=\/wp\/v2\/pages\/2153\/revisions"}],"predecessor-version":[{"id":2948,"href":"https:\/\/www.minipferd.de\/index.php?rest_route=\/wp\/v2\/pages\/2153\/revisions\/2948"}],"up":[{"embeddable":true,"href":"https:\/\/www.minipferd.de\/index.php?rest_route=\/wp\/v2\/pages\/249"}],"wp:attachment":[{"href":"https:\/\/www.minipferd.de\/index.php?rest_route=%2Fwp%2Fv2%2Fmedia&parent=2153"}],"curies":[{"name":"wp","href":"https:\/\/api.w.org\/{rel}","templated":true}]}}

<div class="wp-block-group mobile-flex-reverse is-nowrap is-layout-flex wp-container-core-group-is-layout-3 wp-block-group-is-layout-flex">
<div class="wp-block-group wp-container-content-1"><div class="wp-block-group__inner-container is-layout-constrained wp-block-group-is-layout-constrained">
<p class="has-yellow-color has-text-color has-link-color wp-elements-94307fbe8d8650265d5ac1bf211b673a">Spitzname: Tiffy<br>Geboren: 09.04.2023<br>Größe: 75cm<br>Farbe: Braunschecke</p>
</div></div>



<div class="wp-block-group wp-container-content-2"><div class="wp-block-group__inner-container is-layout-constrained wp-block-group-is-layout-constrained">
<figure class="wp-block-image size-full is-style-default"><img loading="lazy" decoding="async" width="921" height="575" src="http://www.minipferd.de/wp-content/uploads/2024/05/IMG_9754.jpg" alt="" class="wp-image-2074" style="object-fit:cover" srcset="https://www.minipferd.de/wp-content/uploads/2024/05/IMG_9754.jpg 921w, https://www.minipferd.de/wp-content/uploads/2024/05/IMG_9754-300x187.jpg 300w, https://www.minipferd.de/wp-content/uploads/2024/05/IMG_9754-768x479.jpg 768w" sizes="(max-width: 921px) 100vw, 921px" /></figure>
</div></div>
</div>



<p class="has-yellow-color has-text-color has-link-color wp-elements-8e33c9c01df1e533a434995e91dd1b43">Unsere kleine Tiffy ist ein ganz besonders Stübchen. Sie besticht durch ein wunderschönes Araberköpfchen, einen sehr feinen Körperbau und einen absoluten Traumcharakter. Sie ist mütterlicherseits bereits 3. Generation Eigenzucht.<br><br>Dass sich die Kleine auch bewegen kann, hat sie auf ihrer ersten Show in Belgien unter Beweis gestellt. Dort konnte sie sich super platzieren!<br></p>



<figure class="wp-block-gallery has-nested-images columns-default is-cropped wp-block-gallery-1 is-layout-flex wp-block-gallery-is-layout-flex">
<figure class="wp-block-image size-large"><img loading="lazy" decoding="async" width="640" height="427" data-id="2655" src="https://www.minipferd.de/wp-content/uploads/2024/08/5F3A7832-2.jpg" alt="" class="wp-image-2655" srcset="https://www.minipferd.de/wp-content/uploads/2024/08/5F3A7832-2.jpg 640w, https://www.minipferd.de/wp-content/uploads/2024/08/5F3A7832-2-300x200.jpg 300w" sizes="(max-width: 640px) 100vw, 640px" /></figure>



<figure class="wp-block-image size-large"><img loading="lazy" decoding="async" width="640" height="427" data-id="2657" src="https://www.minipferd.de/wp-content/uploads/2024/08/5F3A7861-2.jpg" alt="" class="wp-image-2657" srcset="https://www.minipferd.de/wp-content/uploads/2024/08/5F3A7861-2.jpg 640w, https://www.minipferd.de/wp-content/uploads/2024/08/5F3A7861-2-300x200.jpg 300w" sizes="(max-width: 640px) 100vw, 640px" /></figure>
</figure>



<figure class="wp-block-gallery has-nested-images columns-default is-cropped wp-block-gallery-2 is-layout-flex wp-block-gallery-is-layout-flex">
<figure class="wp-block-image size-large"><img loading="lazy" decoding="async" width="682" height="1024" data-id="2369" src="https://www.minipferd.de/wp-content/uploads/2024/07/image2-682x1024.jpg" alt="" class="wp-image-2369" srcset="https://www.minipferd.de/wp-content/uploads/2024/07/image2-682x1024.jpg 682w, https://www.minipferd.de/wp-content/uploads/2024/07/image2-200x300.jpg 200w, https://www.minipferd.de/wp-content/uploads/2024/07/image2-768x1152.jpg 768w, https://www.minipferd.de/wp-content/uploads/2024/07/image2-1024x1536.jpg 1024w, https://www.minipferd.de/wp-content/uploads/2024/07/image2-1320x1980.jpg 1320w, https://www.minipferd.de/wp-content/uploads/2024/07/image2.jpg 1333w" sizes="(max-width: 682px) 100vw, 682px" /></figure>



<figure class="wp-block-image size-large"><img loading="lazy" decoding="async" width="1024" height="683" data-id="2281" src="https://www.minipferd.de/wp-content/uploads/2024/05/0A4A7696-1024x683.jpg" alt="" class="wp-image-2281" srcset="https://www.minipferd.de/wp-content/uploads/2024/05/0A4A7696-1024x683.jpg 1024w, https://www.minipferd.de/wp-content/uploads/2024/05/0A4A7696-300x200.jpg 300w, https://www.minipferd.de/wp-content/uploads/2024/05/0A4A7696-768x512.jpg 768w, https://www.minipferd.de/wp-content/uploads/2024/05/0A4A7696-1536x1024.jpg 1536w, https://www.minipferd.de/wp-content/uploads/2024/05/0A4A7696-1320x880.jpg 1320w, https://www.minipferd.de/wp-content/uploads/2024/05/0A4A7696.jpg 1900w" sizes="(max-width: 1024px) 100vw, 1024px" /></figure>
</figure>



<figure class="wp-block-gallery has-nested-images columns-default is-cropped wp-block-gallery-3 is-layout-flex wp-block-gallery-is-layout-flex">
<figure class="wp-block-image size-large"><img loading="lazy" decoding="async" width="1024" height="682" data-id="2367" src="https://www.minipferd.de/wp-content/uploads/2024/07/image4-1024x682.jpg" alt="" class="wp-image-2367" srcset="https://www.minipferd.de/wp-content/uploads/2024/07/image4-1024x682.jpg 1024w, https://www.minipferd.de/wp-content/uploads/2024/07/image4-300x200.jpg 300w, https://www.minipferd.de/wp-content/uploads/2024/07/image4-768x512.jpg 768w, https://www.minipferd.de/wp-content/uploads/2024/07/image4-1536x1024.jpg 1536w, https://www.minipferd.de/wp-content/uploads/2024/07/image4-1320x880.jpg 1320w, https://www.minipferd.de/wp-content/uploads/2024/07/image4.jpg 2000w" sizes="(max-width: 1024px) 100vw, 1024px" /></figure>
</figure>



<figure class="wp-block-gallery has-nested-images columns-default is-cropped wp-block-gallery-4 is-layout-flex wp-block-gallery-is-layout-flex">
<figure class="wp-block-image size-large"><img loading="lazy" decoding="async" width="1024" height="683" data-id="2170" src="https://www.minipferd.de/wp-content/uploads/2024/05/IMG_7163-Kopie3-1024x683.png" alt="" class="wp-image-2170" srcset="https://www.minipferd.de/wp-content/uploads/2024/05/IMG_7163-Kopie3-1024x683.png 1024w, https://www.minipferd.de/wp-content/uploads/2024/05/IMG_7163-Kopie3-300x200.png 300w, https://www.minipferd.de/wp-content/uploads/2024/05/IMG_7163-Kopie3-768x512.png 768w, https://www.minipferd.de/wp-content/uploads/2024/05/IMG_7163-Kopie3-1536x1024.png 1536w, https://www.minipferd.de/wp-content/uploads/2024/05/IMG_7163-Kopie3-1320x880.png 1320w, https://www.minipferd.de/wp-content/uploads/2024/05/IMG_7163-Kopie3.png 2048w" sizes="(max-width: 1024px) 100vw, 1024px" /></figure>



<figure class="wp-block-image size-large"><img loading="lazy" decoding="async" width="2560" height="1707" data-id="2659" src="https://www.minipferd.de/wp-content/uploads/2024/08/IMG_0449-edited-scaled.jpg" alt="" class="wp-image-2659" srcset="https://www.minipferd.de/wp-content/uploads/2024/08/IMG_0449-edited-scaled.jpg 2560w, https://www.minipferd.de/wp-content/uploads/2024/08/IMG_0449-edited-300x200.jpg 300w, https://www.minipferd.de/wp-content/uploads/2024/08/IMG_0449-edited-1024x683.jpg 1024w, https://www.minipferd.de/wp-content/uploads/2024/08/IMG_0449-edited-768x512.jpg 768w, https://www.minipferd.de/wp-content/uploads/2024/08/IMG_0449-edited-1536x1024.jpg 1536w, https://www.minipferd.de/wp-content/uploads/2024/08/IMG_0449-edited-2048x1366.jpg 2048w, https://www.minipferd.de/wp-content/uploads/2024/08/IMG_0449-edited-1320x880.jpg 1320w" sizes="(max-width: 2560px) 100vw, 2560px" /></figure>
</figure>



<div class="wp-block-columns is-layout-flex wp-container-core-columns-is-layout-1 wp-block-columns-is-layout-flex">
<div class="wp-block-column has-yellow-color has-text-color has-link-color wp-elements-79d67d87ff139a5d85156aeda3130695 is-layout-flow wp-block-column-is-layout-flow">
<h2 class="wp-block-heading">Mutter</h2>



<figure class="wp-block-image size-large"><img loading="lazy" decoding="async" width="1024" height="683" src="http://www.minipferd.de/wp-content/uploads/2022/01/MO1A0512_Web-1024x683.jpg" alt="" class="wp-image-1436" style="aspect-ratio:4/3;object-fit:cover" srcset="https://www.minipferd.de/wp-content/uploads/2022/01/MO1A0512_Web-1024x683.jpg 1024w, https://www.minipferd.de/wp-content/uploads/2022/01/MO1A0512_Web-350x233.jpg 350w, https://www.minipferd.de/wp-content/uploads/2022/01/MO1A0512_Web-300x200.jpg 300w, https://www.minipferd.de/wp-content/uploads/2022/01/MO1A0512_Web-768x512.jpg 768w, https://www.minipferd.de/wp-content/uploads/2022/01/MO1A0512_Web-1536x1024.jpg 1536w, https://www.minipferd.de/wp-content/uploads/2022/01/MO1A0512_Web-2048x1365.jpg 2048w" sizes="(max-width: 1024px) 100vw, 1024px" /><figcaption class="wp-element-caption"><a href="https://www.minipferd.de/?page_id=567" data-type="page" data-id="567">CS Royal Coco Chanel</a></figcaption></figure>
</div>



<div class="wp-block-column has-yellow-color has-text-color has-link-color wp-elements-c790113c487eb0ac9de821799874ea9d is-layout-flow wp-block-column-is-layout-flow">
<h2 class="wp-block-heading">Vater</h2>



<figure class="wp-block-image size-full"><img loading="lazy" decoding="async" width="839" height="638" src="https://www.minipferd.de/wp-content/uploads/2024/08/ecafc19d-f774-4fc4-8f68-1939286003e7.jpg" alt="" class="wp-image-2653" style="aspect-ratio:4/3;object-fit:cover" srcset="https://www.minipferd.de/wp-content/uploads/2024/08/ecafc19d-f774-4fc4-8f68-1939286003e7.jpg 839w, https://www.minipferd.de/wp-content/uploads/2024/08/ecafc19d-f774-4fc4-8f68-1939286003e7-300x228.jpg 300w, https://www.minipferd.de/wp-content/uploads/2024/08/ecafc19d-f774-4fc4-8f68-1939286003e7-768x584.jpg 768w" sizes="(max-width: 839px) 100vw, 839px" /><figcaption class="wp-element-caption"><mark style="background-color:rgba(0, 0, 0, 0)" class="has-inline-color has-yellow-color">Adonis A Black Hawk</mark></figcaption></figure>
</div>
</div>



<p></p>

<p>Spitzname: TiffyGeboren: 09.04.2023Größe: 75cmFarbe: Braunschecke Unsere kleine Tiffy ist ein ganz besonders Stübchen. Sie besticht durch ein wunderschönes Araberköpfchen, einen sehr feinen Körperbau und einen absoluten Traumcharakter. Sie ist mütterlicherseits bereits 3. Generation Eigenzucht. Dass sich die Kleine auch bewegen kann, hat sie auf ihrer ersten Show in Belgien unter Beweis gestellt. Dort konnte sie &hellip; <a href="https://www.minipferd.de/?page_id=2153" class="more-link"><span class="screen-reader-text">JS Royal Cocos Tiffany</span> weiterlesen</a></p>
