{"id":1905,"date":"2022-09-13T10:19:25","date_gmt":"2022-09-13T08:19:25","guid":{"rendered":"http:\/\/www.minipferd.de\/?page_id=1905"},"modified":"2025-09-10T12:41:22","modified_gmt":"2025-09-10T10:41:22","slug":"flcreek-touch-of-an-angel-on-fire","status":"publish","type":"page","link":"https:\/\/www.minipferd.de\/?page_id=1905","title":{"rendered":"FLCREEK Touch of an Angel on Fire"},"content":{"rendered":"\n<div class=\"wp-block-columns mobile-flex-reverse is-layout-flex wp-container-core-columns-is-layout-1 wp-block-columns-is-layout-flex\">\n<div class=\"wp-block-column is-layout-flow wp-block-column-is-layout-flow\">\n<p><mark style=\"background-color:rgba(0, 0, 0, 0)\" class=\"has-inline-color has-yellow-color\">AMHA A340201T<br>Farbe: Fuchsschecke<\/mark><br><mark style=\"background-color:rgba(0, 0, 0, 0)\" class=\"has-inline-color has-yellow-color\">Gr\u00f6\u00dfe: 75cm<br>Geboren: 25.04.2017<\/mark><\/p>\n<\/div>\n\n\n\n<div class=\"wp-block-column is-layout-flow wp-block-column-is-layout-flow\">\n<figure class=\"wp-block-image\"><img decoding=\"async\" src=\"http:\/\/www.minipferd.de\/wp-content\/uploads\/2022\/09\/IMG_2307-2-1024x992.jpg\" alt=\"\" style=\"aspect-ratio:4\/3;object-fit:cover\"\/><\/figure>\n<\/div>\n<\/div>\n\n\n\n<p><span style=\"color: #ffcc00;\">Die wundersch\u00f6ne Candy ist eine ganz besondere Ministute. Sie ist exrem feingliedrig und hat einen ausgezeichneten Charakter. Sie besticht nicht nur durch ihre winzige Gr\u00f6\u00dfe, sondern auch durch einen top K\u00f6rperbau und ein feines K\u00f6pfchen. Sie hat sich f\u00fcr die  Landesschaut pr\u00e4miert. <\/span><\/p>\n\n\n\n<p><span style=\"color: #ffcc00;\">Candy ist tragend f\u00fcr 2025 von Dream of Ducati<\/span><\/p>\n\n\n\n<figure class=\"wp-block-gallery has-nested-images columns-0 is-cropped wp-block-gallery-1 is-layout-flex wp-block-gallery-is-layout-flex\">\n<figure class=\"wp-block-image size-large\"><img loading=\"lazy\" decoding=\"async\" width=\"802\" height=\"1024\" data-id=\"1907\" src=\"http:\/\/www.minipferd.de\/wp-content\/uploads\/2022\/09\/IMG_2303-802x1024.jpg\" alt=\"\" class=\"wp-image-1907\" srcset=\"https:\/\/www.minipferd.de\/wp-content\/uploads\/2022\/09\/IMG_2303-802x1024.jpg 802w, https:\/\/www.minipferd.de\/wp-content\/uploads\/2022\/09\/IMG_2303-235x300.jpg 235w, https:\/\/www.minipferd.de\/wp-content\/uploads\/2022\/09\/IMG_2303-768x980.jpg 768w, https:\/\/www.minipferd.de\/wp-content\/uploads\/2022\/09\/IMG_2303-1203x1536.jpg 1203w, https:\/\/www.minipferd.de\/wp-content\/uploads\/2022\/09\/IMG_2303.jpg 1262w\" sizes=\"(max-width: 802px) 100vw, 802px\" \/><\/figure>\n\n\n\n<figure class=\"wp-block-image size-large\"><img loading=\"lazy\" decoding=\"async\" width=\"815\" height=\"1024\" data-id=\"1906\" src=\"http:\/\/www.minipferd.de\/wp-content\/uploads\/2022\/09\/IMG_2304-815x1024.jpg\" alt=\"\" class=\"wp-image-1906\" srcset=\"https:\/\/www.minipferd.de\/wp-content\/uploads\/2022\/09\/IMG_2304-815x1024.jpg 815w, https:\/\/www.minipferd.de\/wp-content\/uploads\/2022\/09\/IMG_2304-239x300.jpg 239w, https:\/\/www.minipferd.de\/wp-content\/uploads\/2022\/09\/IMG_2304-768x965.jpg 768w, https:\/\/www.minipferd.de\/wp-content\/uploads\/2022\/09\/IMG_2304-1222x1536.jpg 1222w, https:\/\/www.minipferd.de\/wp-content\/uploads\/2022\/09\/IMG_2304.jpg 1284w\" sizes=\"(max-width: 815px) 100vw, 815px\" \/><\/figure>\n\n\n\n<figure class=\"wp-block-image size-large\"><img loading=\"lazy\" decoding=\"async\" width=\"799\" height=\"1024\" data-id=\"1908\" src=\"http:\/\/www.minipferd.de\/wp-content\/uploads\/2022\/09\/IMG_2306-799x1024.jpg\" alt=\"\" class=\"wp-image-1908\" srcset=\"https:\/\/www.minipferd.de\/wp-content\/uploads\/2022\/09\/IMG_2306-799x1024.jpg 799w, https:\/\/www.minipferd.de\/wp-content\/uploads\/2022\/09\/IMG_2306-234x300.jpg 234w, https:\/\/www.minipferd.de\/wp-content\/uploads\/2022\/09\/IMG_2306-768x984.jpg 768w, https:\/\/www.minipferd.de\/wp-content\/uploads\/2022\/09\/IMG_2306-1199x1536.jpg 1199w, https:\/\/www.minipferd.de\/wp-content\/uploads\/2022\/09\/IMG_2306.jpg 1284w\" sizes=\"(max-width: 799px) 100vw, 799px\" \/><\/figure>\n\n\n\n<figure class=\"wp-block-image size-large\"><img loading=\"lazy\" decoding=\"async\" width=\"1024\" height=\"992\" data-id=\"1909\" src=\"http:\/\/www.minipferd.de\/wp-content\/uploads\/2022\/09\/IMG_2307-1-1024x992.jpg\" alt=\"\" class=\"wp-image-1909\" srcset=\"https:\/\/www.minipferd.de\/wp-content\/uploads\/2022\/09\/IMG_2307-1-1024x992.jpg 1024w, https:\/\/www.minipferd.de\/wp-content\/uploads\/2022\/09\/IMG_2307-1-300x291.jpg 300w, https:\/\/www.minipferd.de\/wp-content\/uploads\/2022\/09\/IMG_2307-1-768x744.jpg 768w, https:\/\/www.minipferd.de\/wp-content\/uploads\/2022\/09\/IMG_2307-1.jpg 1267w\" sizes=\"(max-width: 1024px) 100vw, 1024px\" \/><\/figure>\n<\/figure>\n\n\n\n<h2 class=\"wp-block-heading\">Fohlen:<\/h2>\n\n\n\n<div class=\"wp-block-columns is-layout-flex wp-container-core-columns-is-layout-2 wp-block-columns-is-layout-flex\">\n<div class=\"wp-block-column is-layout-flow wp-block-column-is-layout-flow\">\n<figure class=\"wp-block-image size-large is-resized\"><img loading=\"lazy\" decoding=\"async\" width=\"1024\" height=\"683\" src=\"http:\/\/www.minipferd.de\/wp-content\/uploads\/2024\/09\/IMG_8259-1024x683.jpg\" alt=\"\" class=\"wp-image-2807\" style=\"aspect-ratio:1.3333333333333333;object-fit:cover;width:328px;height:auto\" srcset=\"https:\/\/www.minipferd.de\/wp-content\/uploads\/2024\/09\/IMG_8259-1024x683.jpg 1024w, https:\/\/www.minipferd.de\/wp-content\/uploads\/2024\/09\/IMG_8259-300x200.jpg 300w, https:\/\/www.minipferd.de\/wp-content\/uploads\/2024\/09\/IMG_8259-768x512.jpg 768w, https:\/\/www.minipferd.de\/wp-content\/uploads\/2024\/09\/IMG_8259.jpg 1280w\" sizes=\"(max-width: 1024px) 100vw, 1024px\" \/><figcaption class=\"wp-element-caption\"><a href=\"https:\/\/www.minipferd.de\/?page_id=2801\" data-type=\"page\" data-id=\"2801\"><mark style=\"background-color:rgba(0, 0, 0, 0)\" class=\"has-inline-color has-yellow-color\">JS Royal Amazing Grace<\/mark><\/a><\/figcaption><\/figure>\n<\/div>\n\n\n\n<div class=\"wp-block-column is-layout-flow wp-block-column-is-layout-flow\">\n<figure class=\"wp-block-image size-full\"><img loading=\"lazy\" decoding=\"async\" width=\"2047\" height=\"1365\" src=\"http:\/\/www.minipferd.de\/wp-content\/uploads\/2023\/08\/IMG_7809.png\" alt=\"\" class=\"wp-image-1967\" style=\"aspect-ratio:4\/3;object-fit:cover\" srcset=\"https:\/\/www.minipferd.de\/wp-content\/uploads\/2023\/08\/IMG_7809.png 2047w, https:\/\/www.minipferd.de\/wp-content\/uploads\/2023\/08\/IMG_7809-300x200.png 300w, https:\/\/www.minipferd.de\/wp-content\/uploads\/2023\/08\/IMG_7809-1024x683.png 1024w, https:\/\/www.minipferd.de\/wp-content\/uploads\/2023\/08\/IMG_7809-768x512.png 768w, https:\/\/www.minipferd.de\/wp-content\/uploads\/2023\/08\/IMG_7809-1536x1024.png 1536w, https:\/\/www.minipferd.de\/wp-content\/uploads\/2023\/08\/IMG_7809-1320x880.png 1320w\" sizes=\"(max-width: 2047px) 100vw, 2047px\" \/><figcaption class=\"wp-element-caption\"><mark style=\"background-color:rgba(0, 0, 0, 0)\" class=\"has-inline-color has-yellow-color\">JS Royal <\/mark>Candy Crush<\/figcaption><\/figure>\n<\/div>\n<\/div>\n\n\n\n<div class=\"wp-block-columns is-layout-flex wp-container-core-columns-is-layout-3 wp-block-columns-is-layout-flex\">\n<div class=\"wp-block-column is-layout-flow wp-block-column-is-layout-flow\"><\/div>\n\n\n\n<div class=\"wp-block-column is-layout-flow wp-block-column-is-layout-flow\"><\/div>\n<\/div>\n","protected":false},"excerpt":{"rendered":"<p>AMHA A340201TFarbe: FuchsscheckeGr\u00f6\u00dfe: 75cmGeboren: 25.04.2017 Die wundersch\u00f6ne Candy ist eine ganz besondere Ministute. Sie ist exrem feingliedrig und hat einen ausgezeichneten Charakter. Sie besticht nicht nur durch ihre winzige Gr\u00f6\u00dfe, sondern auch durch einen top K\u00f6rperbau und ein feines K\u00f6pfchen. Sie hat sich f\u00fcr die Landesschaut pr\u00e4miert. Candy ist tragend f\u00fcr 2025 von Dream of &hellip; <a href=\"https:\/\/www.minipferd.de\/?page_id=1905\" class=\"more-link\"><span class=\"screen-reader-text\">FLCREEK Touch of an Angel on Fire<\/span> weiterlesen<\/a><\/p>\n","protected":false},"author":1,"featured_media":0,"parent":249,"menu_order":1,"comment_status":"closed","ping_status":"closed","template":"","meta":{"footnotes":""},"class_list":["post-1905","page","type-page","status-publish","hentry"],"_links":{"self":[{"href":"https:\/\/www.minipferd.de\/index.php?rest_route=\/wp\/v2\/pages\/1905"}],"collection":[{"href":"https:\/\/www.minipferd.de\/index.php?rest_route=\/wp\/v2\/pages"}],"about":[{"href":"https:\/\/www.minipferd.de\/index.php?rest_route=\/wp\/v2\/types\/page"}],"author":[{"embeddable":true,"href":"https:\/\/www.minipferd.de\/index.php?rest_route=\/wp\/v2\/users\/1"}],"replies":[{"embeddable":true,"href":"https:\/\/www.minipferd.de\/index.php?rest_route=%2Fwp%2Fv2%2Fcomments&post=1905"}],"version-history":[{"count":12,"href":"https:\/\/www.minipferd.de\/index.php?rest_route=\/wp\/v2\/pages\/1905\/revisions"}],"predecessor-version":[{"id":2941,"href":"https:\/\/www.minipferd.de\/index.php?rest_route=\/wp\/v2\/pages\/1905\/revisions\/2941"}],"up":[{"embeddable":true,"href":"https:\/\/www.minipferd.de\/index.php?rest_route=\/wp\/v2\/pages\/249"}],"wp:attachment":[{"href":"https:\/\/www.minipferd.de\/index.php?rest_route=%2Fwp%2Fv2%2Fmedia&parent=1905"}],"curies":[{"name":"wp","href":"https:\/\/api.w.org\/{rel}","templated":true}]}}