{"id":2009,"date":"2023-08-31T15:17:25","date_gmt":"2023-08-31T13:17:25","guid":{"rendered":"http:\/\/www.minipferd.de\/?page_id=2009"},"modified":"2025-05-14T09:25:43","modified_gmt":"2025-05-14T07:25:43","slug":"dolisas-pampapati","status":"publish","type":"page","link":"http:\/\/www.minipferd.de\/?page_id=2009","title":{"rendered":"Pampapati"},"content":{"rendered":"\n<div class=\"wp-block-group mobile-flex-reverse is-nowrap is-layout-flex wp-container-core-group-is-layout-3 wp-block-group-is-layout-flex\">\n<div class=\"wp-block-group wp-container-content-1\"><div class=\"wp-block-group__inner-container is-layout-constrained wp-block-group-is-layout-constrained\">\n<p class=\"has-yellow-color has-text-color has-link-color wp-elements-905b54febf9aeb386079a41c90b0163e\">Geboren: 16.04.2013<br>Gr\u00f6\u00dfe: 85cm<br>Farbe: Tigerschecke<\/p>\n<\/div><\/div>\n\n\n\n<div class=\"wp-block-group wp-container-content-2\"><div class=\"wp-block-group__inner-container is-layout-constrained wp-block-group-is-layout-constrained\">\n<figure class=\"wp-block-image size-large is-style-default\"><img loading=\"lazy\" decoding=\"async\" width=\"1024\" height=\"682\" src=\"http:\/\/www.minipferd.de\/wp-content\/uploads\/2023\/08\/2H9A0074-1024x682.jpg\" alt=\"\" class=\"wp-image-2001\" style=\"object-fit:cover\" srcset=\"http:\/\/www.minipferd.de\/wp-content\/uploads\/2023\/08\/2H9A0074-1024x682.jpg 1024w, http:\/\/www.minipferd.de\/wp-content\/uploads\/2023\/08\/2H9A0074-300x200.jpg 300w, http:\/\/www.minipferd.de\/wp-content\/uploads\/2023\/08\/2H9A0074-768x512.jpg 768w, http:\/\/www.minipferd.de\/wp-content\/uploads\/2023\/08\/2H9A0074-1536x1024.jpg 1536w, http:\/\/www.minipferd.de\/wp-content\/uploads\/2023\/08\/2H9A0074-1320x880.jpg 1320w, http:\/\/www.minipferd.de\/wp-content\/uploads\/2023\/08\/2H9A0074.jpg 2000w\" sizes=\"(max-width: 1024px) 100vw, 1024px\" \/><\/figure>\n<\/div><\/div>\n<\/div>\n\n\n\n<p class=\"has-yellow-color has-text-color has-link-color wp-elements-2b7822c1f3cc79d761c83507f77e9d0b\">Paul ist wirklich ein Traum! Bei ihm stimmt einfach alles: die Optik, der K\u00f6rperbau und auch der Charakter ist einfach einzigartig.Er ist perfekt ausgebildet im Fahrsport und wurde bereits Multiple Driving Champion<br><br>Sein erster Fohlenjahrgang 2024 hat alle Erwartungen \u00fcbertroffen! <br><br><strong>Paul ist ACAN &amp; LWO frei<\/strong><\/p>\n\n\n\n<ul class=\"wp-block-list has-yellow-color has-text-color has-link-color wp-elements-52cd8f637de82f7bc0a9ef6f7dae7976\">\n<li><strong><mark style=\"background-color:rgba(0, 0, 0, 0)\" class=\"has-inline-color has-yellow-color\">Multiple Champion Classic Pleasure Driving<\/mark><\/strong><\/li>\n\n\n\n<li><strong><mark style=\"background-color:rgba(0, 0, 0, 0)\" class=\"has-inline-color has-yellow-color\">European Grand Champion Classic Pleasure Driving<\/mark><\/strong><\/li>\n\n\n\n<li><strong><mark style=\"background-color:rgba(0, 0, 0, 0)\" class=\"has-inline-color has-yellow-color\">Grand Champion Classic Pleasure Driving<\/mark><\/strong><\/li>\n<\/ul>\n\n\n\n<p><strong><mark style=\"background-color:rgba(0, 0, 0, 0)\" class=\"has-inline-color has-yellow-color\">Paul ist im Besitz von Melanie Reidinger<\/mark><\/strong><\/p>\n\n\n\n<figure class=\"wp-block-image size-large\"><img loading=\"lazy\" decoding=\"async\" width=\"1024\" height=\"683\" src=\"http:\/\/www.minipferd.de\/wp-content\/uploads\/2023\/08\/2H9A0027-1024x683.jpg\" alt=\"\" class=\"wp-image-1998\" srcset=\"http:\/\/www.minipferd.de\/wp-content\/uploads\/2023\/08\/2H9A0027-1024x683.jpg 1024w, http:\/\/www.minipferd.de\/wp-content\/uploads\/2023\/08\/2H9A0027-300x200.jpg 300w, http:\/\/www.minipferd.de\/wp-content\/uploads\/2023\/08\/2H9A0027-768x512.jpg 768w, http:\/\/www.minipferd.de\/wp-content\/uploads\/2023\/08\/2H9A0027-1536x1025.jpg 1536w, http:\/\/www.minipferd.de\/wp-content\/uploads\/2023\/08\/2H9A0027-1320x880.jpg 1320w, http:\/\/www.minipferd.de\/wp-content\/uploads\/2023\/08\/2H9A0027.jpg 2000w\" sizes=\"(max-width: 1024px) 100vw, 1024px\" \/><\/figure>\n\n\n\n<figure class=\"wp-block-gallery has-nested-images columns-default is-cropped wp-block-gallery-1 is-layout-flex wp-block-gallery-is-layout-flex\">\n<figure class=\"wp-block-image size-large\"><img loading=\"lazy\" decoding=\"async\" width=\"1024\" height=\"683\" data-id=\"1997\" src=\"http:\/\/www.minipferd.de\/wp-content\/uploads\/2023\/08\/2H9A0023-1024x683.jpg\" alt=\"\" class=\"wp-image-1997\" srcset=\"http:\/\/www.minipferd.de\/wp-content\/uploads\/2023\/08\/2H9A0023-1024x683.jpg 1024w, http:\/\/www.minipferd.de\/wp-content\/uploads\/2023\/08\/2H9A0023-300x200.jpg 300w, http:\/\/www.minipferd.de\/wp-content\/uploads\/2023\/08\/2H9A0023-768x512.jpg 768w, http:\/\/www.minipferd.de\/wp-content\/uploads\/2023\/08\/2H9A0023-1536x1025.jpg 1536w, http:\/\/www.minipferd.de\/wp-content\/uploads\/2023\/08\/2H9A0023-1320x880.jpg 1320w, http:\/\/www.minipferd.de\/wp-content\/uploads\/2023\/08\/2H9A0023.jpg 2000w\" sizes=\"(max-width: 1024px) 100vw, 1024px\" \/><\/figure>\n\n\n\n<figure class=\"wp-block-image size-large\"><img loading=\"lazy\" decoding=\"async\" width=\"1024\" height=\"819\" data-id=\"2002\" src=\"http:\/\/www.minipferd.de\/wp-content\/uploads\/2023\/08\/2H9A9995-1024x819.jpg\" alt=\"\" class=\"wp-image-2002\" srcset=\"http:\/\/www.minipferd.de\/wp-content\/uploads\/2023\/08\/2H9A9995-1024x819.jpg 1024w, http:\/\/www.minipferd.de\/wp-content\/uploads\/2023\/08\/2H9A9995-300x240.jpg 300w, http:\/\/www.minipferd.de\/wp-content\/uploads\/2023\/08\/2H9A9995-768x615.jpg 768w, http:\/\/www.minipferd.de\/wp-content\/uploads\/2023\/08\/2H9A9995-1536x1229.jpg 1536w, http:\/\/www.minipferd.de\/wp-content\/uploads\/2023\/08\/2H9A9995-1320x1056.jpg 1320w, http:\/\/www.minipferd.de\/wp-content\/uploads\/2023\/08\/2H9A9995.jpg 1957w\" sizes=\"(max-width: 1024px) 100vw, 1024px\" \/><\/figure>\n\n\n\n<figure class=\"wp-block-image size-large\"><img loading=\"lazy\" decoding=\"async\" width=\"819\" height=\"1024\" data-id=\"1999\" src=\"http:\/\/www.minipferd.de\/wp-content\/uploads\/2023\/08\/2H9A0030-819x1024.jpg\" alt=\"\" class=\"wp-image-1999\" srcset=\"http:\/\/www.minipferd.de\/wp-content\/uploads\/2023\/08\/2H9A0030-819x1024.jpg 819w, http:\/\/www.minipferd.de\/wp-content\/uploads\/2023\/08\/2H9A0030-240x300.jpg 240w, http:\/\/www.minipferd.de\/wp-content\/uploads\/2023\/08\/2H9A0030-768x960.jpg 768w, http:\/\/www.minipferd.de\/wp-content\/uploads\/2023\/08\/2H9A0030-1229x1536.jpg 1229w, http:\/\/www.minipferd.de\/wp-content\/uploads\/2023\/08\/2H9A0030-1320x1650.jpg 1320w, http:\/\/www.minipferd.de\/wp-content\/uploads\/2023\/08\/2H9A0030.jpg 1600w\" sizes=\"(max-width: 819px) 100vw, 819px\" \/><\/figure>\n<\/figure>\n\n\n\n<h2 class=\"wp-block-heading has-yellow-color has-text-color has-link-color wp-elements-0c034ee003aa4e1e0e3f0b832b76332e\">Fohlen<\/h2>\n\n\n\n<div class=\"wp-block-columns is-layout-flex wp-container-core-columns-is-layout-1 wp-block-columns-is-layout-flex\">\n<div class=\"wp-block-column is-layout-flow wp-block-column-is-layout-flow\">\n<figure class=\"wp-block-image size-large\"><img loading=\"lazy\" decoding=\"async\" width=\"1024\" height=\"683\" src=\"http:\/\/www.minipferd.de\/wp-content\/uploads\/2025\/05\/IMG_1942-1-1024x683.jpeg\" alt=\"\" class=\"wp-image-2850\" style=\"aspect-ratio:4\/3;object-fit:cover\" srcset=\"http:\/\/www.minipferd.de\/wp-content\/uploads\/2025\/05\/IMG_1942-1-1024x683.jpeg 1024w, http:\/\/www.minipferd.de\/wp-content\/uploads\/2025\/05\/IMG_1942-1-300x200.jpeg 300w, http:\/\/www.minipferd.de\/wp-content\/uploads\/2025\/05\/IMG_1942-1-768x512.jpeg 768w, http:\/\/www.minipferd.de\/wp-content\/uploads\/2025\/05\/IMG_1942-1.jpeg 1280w\" sizes=\"(max-width: 1024px) 100vw, 1024px\" \/><figcaption class=\"wp-element-caption\"><a href=\"https:\/\/www.minipferd.de\/?page_id=2801\" data-type=\"page\" data-id=\"2801\"><mark style=\"background-color:rgba(0, 0, 0, 0)\" class=\"has-inline-color has-yellow-color\">JS Royal Amazing Grace<\/mark><\/a><\/figcaption><\/figure>\n<\/div>\n\n\n\n<div class=\"wp-block-column is-layout-flow wp-block-column-is-layout-flow\">\n<figure class=\"wp-block-image size-large\"><img loading=\"lazy\" decoding=\"async\" width=\"1024\" height=\"778\" src=\"http:\/\/www.minipferd.de\/wp-content\/uploads\/2024\/08\/5F3A9189-1024x778.jpg\" alt=\"\" class=\"wp-image-2616\" style=\"aspect-ratio:4\/3;object-fit:cover\" srcset=\"http:\/\/www.minipferd.de\/wp-content\/uploads\/2024\/08\/5F3A9189-1024x778.jpg 1024w, http:\/\/www.minipferd.de\/wp-content\/uploads\/2024\/08\/5F3A9189-300x228.jpg 300w, http:\/\/www.minipferd.de\/wp-content\/uploads\/2024\/08\/5F3A9189-768x583.jpg 768w, http:\/\/www.minipferd.de\/wp-content\/uploads\/2024\/08\/5F3A9189-1536x1166.jpg 1536w, http:\/\/www.minipferd.de\/wp-content\/uploads\/2024\/08\/5F3A9189-1320x1002.jpg 1320w, http:\/\/www.minipferd.de\/wp-content\/uploads\/2024\/08\/5F3A9189.jpg 1953w\" sizes=\"(max-width: 1024px) 100vw, 1024px\" \/><figcaption class=\"wp-element-caption\"><mark style=\"background-color:rgba(0, 0, 0, 0)\" class=\"has-inline-color has-yellow-color\">JS Royal Cocos Dream Boy<\/mark><\/figcaption><\/figure>\n<\/div>\n<\/div>\n\n\n\n<div class=\"wp-block-columns is-layout-flex wp-container-core-columns-is-layout-2 wp-block-columns-is-layout-flex\">\n<div class=\"wp-block-column is-layout-flow wp-block-column-is-layout-flow\">\n<figure class=\"wp-block-image size-full\"><img loading=\"lazy\" decoding=\"async\" width=\"1460\" height=\"981\" src=\"http:\/\/www.minipferd.de\/wp-content\/uploads\/2024\/07\/7d4ada64-33fa-4829-a393-419d7f71fffd-1.jpg\" alt=\"\" class=\"wp-image-2423\" style=\"aspect-ratio:4\/3;object-fit:cover\" srcset=\"http:\/\/www.minipferd.de\/wp-content\/uploads\/2024\/07\/7d4ada64-33fa-4829-a393-419d7f71fffd-1.jpg 1460w, http:\/\/www.minipferd.de\/wp-content\/uploads\/2024\/07\/7d4ada64-33fa-4829-a393-419d7f71fffd-1-300x202.jpg 300w, http:\/\/www.minipferd.de\/wp-content\/uploads\/2024\/07\/7d4ada64-33fa-4829-a393-419d7f71fffd-1-1024x688.jpg 1024w, http:\/\/www.minipferd.de\/wp-content\/uploads\/2024\/07\/7d4ada64-33fa-4829-a393-419d7f71fffd-1-768x516.jpg 768w, http:\/\/www.minipferd.de\/wp-content\/uploads\/2024\/07\/7d4ada64-33fa-4829-a393-419d7f71fffd-1-1320x887.jpg 1320w\" sizes=\"(max-width: 1460px) 100vw, 1460px\" \/><figcaption class=\"wp-element-caption\"><mark style=\"background-color:rgba(0, 0, 0, 0)\" class=\"has-inline-color has-yellow-color\">JS Royal Amazing Grace<\/mark><\/figcaption><\/figure>\n<\/div>\n\n\n\n<div class=\"wp-block-column is-layout-flow wp-block-column-is-layout-flow\">\n<figure class=\"wp-block-image size-large\"><img loading=\"lazy\" decoding=\"async\" width=\"1024\" height=\"810\" src=\"http:\/\/www.minipferd.de\/wp-content\/uploads\/2024\/08\/5F3A0326-1024x810.jpg\" alt=\"\" class=\"wp-image-2618\" style=\"aspect-ratio:4\/3;object-fit:cover\" srcset=\"http:\/\/www.minipferd.de\/wp-content\/uploads\/2024\/08\/5F3A0326-1024x810.jpg 1024w, http:\/\/www.minipferd.de\/wp-content\/uploads\/2024\/08\/5F3A0326-300x237.jpg 300w, http:\/\/www.minipferd.de\/wp-content\/uploads\/2024\/08\/5F3A0326-768x607.jpg 768w, http:\/\/www.minipferd.de\/wp-content\/uploads\/2024\/08\/5F3A0326-1536x1214.jpg 1536w, http:\/\/www.minipferd.de\/wp-content\/uploads\/2024\/08\/5F3A0326-1320x1044.jpg 1320w, http:\/\/www.minipferd.de\/wp-content\/uploads\/2024\/08\/5F3A0326.jpg 1863w\" sizes=\"(max-width: 1024px) 100vw, 1024px\" \/><figcaption class=\"wp-element-caption\"><mark style=\"background-color:rgba(0, 0, 0, 0)\" class=\"has-inline-color has-yellow-color\">JS Royal Pandoras Black Edition<\/mark><\/figcaption><\/figure>\n<\/div>\n<\/div>\n\n\n\n<div class=\"wp-block-columns is-layout-flex wp-container-core-columns-is-layout-3 wp-block-columns-is-layout-flex\">\n<div class=\"wp-block-column is-layout-flow wp-block-column-is-layout-flow\">\n<figure class=\"wp-block-image size-large\"><img loading=\"lazy\" decoding=\"async\" width=\"1024\" height=\"682\" src=\"http:\/\/www.minipferd.de\/wp-content\/uploads\/2024\/07\/image0-3-1024x682.jpg\" alt=\"\" class=\"wp-image-2409\" style=\"aspect-ratio:4\/3;object-fit:cover\" srcset=\"http:\/\/www.minipferd.de\/wp-content\/uploads\/2024\/07\/image0-3-1024x682.jpg 1024w, http:\/\/www.minipferd.de\/wp-content\/uploads\/2024\/07\/image0-3-300x200.jpg 300w, http:\/\/www.minipferd.de\/wp-content\/uploads\/2024\/07\/image0-3-768x512.jpg 768w, http:\/\/www.minipferd.de\/wp-content\/uploads\/2024\/07\/image0-3-1536x1024.jpg 1536w, http:\/\/www.minipferd.de\/wp-content\/uploads\/2024\/07\/image0-3-1320x880.jpg 1320w, http:\/\/www.minipferd.de\/wp-content\/uploads\/2024\/07\/image0-3.jpg 2000w\" sizes=\"(max-width: 1024px) 100vw, 1024px\" \/><figcaption class=\"wp-element-caption\"><mark style=\"background-color:rgba(0, 0, 0, 0)\" class=\"has-inline-color has-yellow-color\">JS Royal Little Toffiffee<\/mark><\/figcaption><\/figure>\n<\/div>\n\n\n\n<div class=\"wp-block-column is-layout-flow wp-block-column-is-layout-flow\">\n<figure class=\"wp-block-image size-large\"><img loading=\"lazy\" decoding=\"async\" width=\"1024\" height=\"683\" src=\"http:\/\/www.minipferd.de\/wp-content\/uploads\/2024\/07\/IMG_4267-1024x683.jpg\" alt=\"\" class=\"wp-image-2421\" style=\"aspect-ratio:4\/3;object-fit:cover\" srcset=\"http:\/\/www.minipferd.de\/wp-content\/uploads\/2024\/07\/IMG_4267-1024x683.jpg 1024w, http:\/\/www.minipferd.de\/wp-content\/uploads\/2024\/07\/IMG_4267-300x200.jpg 300w, http:\/\/www.minipferd.de\/wp-content\/uploads\/2024\/07\/IMG_4267-768x512.jpg 768w, http:\/\/www.minipferd.de\/wp-content\/uploads\/2024\/07\/IMG_4267-1536x1024.jpg 1536w, http:\/\/www.minipferd.de\/wp-content\/uploads\/2024\/07\/IMG_4267-2048x1366.jpg 2048w, http:\/\/www.minipferd.de\/wp-content\/uploads\/2024\/07\/IMG_4267-1320x880.jpg 1320w\" sizes=\"(max-width: 1024px) 100vw, 1024px\" \/><figcaption class=\"wp-element-caption\"><mark style=\"background-color:rgba(0, 0, 0, 0)\" class=\"has-inline-color has-yellow-color\">JS Royal Great Gatsby<\/mark><\/figcaption><\/figure>\n<\/div>\n<\/div>\n","protected":false},"excerpt":{"rendered":"<p>Geboren: 16.04.2013Gr\u00f6\u00dfe: 85cmFarbe: Tigerschecke Paul ist wirklich ein Traum! Bei ihm stimmt einfach alles: die Optik, der K\u00f6rperbau und auch der Charakter ist einfach einzigartig.Er ist perfekt ausgebildet im Fahrsport und wurde bereits Multiple Driving Champion Sein erster Fohlenjahrgang 2024 hat alle Erwartungen \u00fcbertroffen! Paul ist ACAN &amp; LWO frei Paul ist im Besitz von &hellip; <a href=\"http:\/\/www.minipferd.de\/?page_id=2009\" class=\"more-link\"><span class=\"screen-reader-text\">Pampapati<\/span> weiterlesen<\/a><\/p>\n","protected":false},"author":1,"featured_media":0,"parent":247,"menu_order":1,"comment_status":"closed","ping_status":"closed","template":"","meta":{"footnotes":""},"class_list":["post-2009","page","type-page","status-publish","hentry"],"_links":{"self":[{"href":"http:\/\/www.minipferd.de\/index.php?rest_route=\/wp\/v2\/pages\/2009"}],"collection":[{"href":"http:\/\/www.minipferd.de\/index.php?rest_route=\/wp\/v2\/pages"}],"about":[{"href":"http:\/\/www.minipferd.de\/index.php?rest_route=\/wp\/v2\/types\/page"}],"author":[{"embeddable":true,"href":"http:\/\/www.minipferd.de\/index.php?rest_route=\/wp\/v2\/users\/1"}],"replies":[{"embeddable":true,"href":"http:\/\/www.minipferd.de\/index.php?rest_route=%2Fwp%2Fv2%2Fcomments&post=2009"}],"version-history":[{"count":28,"href":"http:\/\/www.minipferd.de\/index.php?rest_route=\/wp\/v2\/pages\/2009\/revisions"}],"predecessor-version":[{"id":2869,"href":"http:\/\/www.minipferd.de\/index.php?rest_route=\/wp\/v2\/pages\/2009\/revisions\/2869"}],"up":[{"embeddable":true,"href":"http:\/\/www.minipferd.de\/index.php?rest_route=\/wp\/v2\/pages\/247"}],"wp:attachment":[{"href":"http:\/\/www.minipferd.de\/index.php?rest_route=%2Fwp%2Fv2%2Fmedia&parent=2009"}],"curies":[{"name":"wp","href":"https:\/\/api.w.org\/{rel}","templated":true}]}}