{"id":1635,"date":"2022-01-21T11:17:37","date_gmt":"2022-01-21T10:17:37","guid":{"rendered":"http:\/\/www.minipferd.de\/?page_id=1635"},"modified":"2024-07-13T22:55:09","modified_gmt":"2024-07-13T20:55:09","slug":"lm-hawks-stand-out-loud","status":"publish","type":"page","link":"http:\/\/www.minipferd.de\/?page_id=1635","title":{"rendered":"LM Hawks Stand Out Loud"},"content":{"rendered":"\n<div class=\"wp-block-group mobile-flex-reverse is-nowrap is-layout-flex wp-container-core-group-is-layout-3 wp-block-group-is-layout-flex\">\n<div class=\"wp-block-group wp-container-content-1\"><div class=\"wp-block-group__inner-container is-layout-constrained wp-block-group-is-layout-constrained\">\n<p class=\"has-yellow-color has-text-color has-link-color wp-elements-21c14893e70466b0fa82ff612ff08821\">Geboren: 14.05.2003<br>Gr\u00f6\u00dfe: 85 cm<br>Farbe: Braunschecke<br>AMHA A143035 &#8211; AMHR 266943A &#8211; gek\u00f6rt<\/p>\n<\/div><\/div>\n\n\n\n<div class=\"wp-block-group wp-container-content-2\"><div class=\"wp-block-group__inner-container is-layout-constrained wp-block-group-is-layout-constrained\">\n<figure class=\"wp-block-image size-large is-style-default\"><img loading=\"lazy\" decoding=\"async\" width=\"1024\" height=\"818\" src=\"http:\/\/www.minipferd.de\/wp-content\/uploads\/2022\/01\/LM-Hawks-Stand-Out-Loud-1024x818.jpg\" alt=\"\" class=\"wp-image-1648\" style=\"object-fit:cover\" srcset=\"http:\/\/www.minipferd.de\/wp-content\/uploads\/2022\/01\/LM-Hawks-Stand-Out-Loud-1024x818.jpg 1024w, http:\/\/www.minipferd.de\/wp-content\/uploads\/2022\/01\/LM-Hawks-Stand-Out-Loud-350x280.jpg 350w, http:\/\/www.minipferd.de\/wp-content\/uploads\/2022\/01\/LM-Hawks-Stand-Out-Loud-300x240.jpg 300w, http:\/\/www.minipferd.de\/wp-content\/uploads\/2022\/01\/LM-Hawks-Stand-Out-Loud-768x614.jpg 768w, http:\/\/www.minipferd.de\/wp-content\/uploads\/2022\/01\/LM-Hawks-Stand-Out-Loud.jpg 1498w\" sizes=\"(max-width: 1024px) 100vw, 1024px\" \/><\/figure>\n<\/div><\/div>\n<\/div>\n\n\n\n<p class=\"has-yellow-color has-text-color has-link-color wp-elements-2631325c31eea168553fb958759d5b89\">Jetzt kommt Farbe ins Spiel: Stand ist ein wild gescheckter Tovero mit eisblauen Augen.<br>Er ist Sohn des ber\u00fchmten Champions Farms Nighthwak, der sich bereits in jungen Jahren mit seinen au\u00dfergew\u00f6hnlichen Nachkommen einen Namen in der Miniaturpferdezucht gemacht hat. Seine Mutter ist eine National Top Ten Gewinner Stute. Stand ist ein ausgesprochen gut proportionierter und feingliedriger Hengst mit einem h\u00fcbschen, kleinen Hechtkopf, elegant geschwungener Halslinie, kurzem R\u00fccken und langen Beinen und einer atemberaubenden Ausstrahlung. Stand wurde 2005 vom Spezialrassenverband Bayern gek\u00f6rt.<\/p>\n\n\n\n<ul class=\"has-yellow-color has-text-color has-link-color wp-block-list wp-elements-3a6d3efeecd30a74d96173562621ba80\">\n<li>Vater: Champion Farms Nighthawk<\/li>\n\n\n\n<li>Mutter: Flying W Farms De Ja Blue<\/li>\n<\/ul>\n\n\n\n<p class=\"has-yellow-color has-text-color has-link-color wp-elements-5df1c62227b2670769fc766e61ee5f39\"><strong>Stand Out Loud ist verkauft. Herzlichen Gl\u00fcckwunsch an die neue Besitzerin!&nbsp;<\/strong><\/p>\n\n\n\n<figure class=\"wp-block-image size-full\"><img loading=\"lazy\" decoding=\"async\" width=\"800\" height=\"640\" src=\"http:\/\/www.minipferd.de\/wp-content\/uploads\/2019\/03\/StandOutLoud.jpg\" alt=\"\" class=\"wp-image-407\" srcset=\"http:\/\/www.minipferd.de\/wp-content\/uploads\/2019\/03\/StandOutLoud.jpg 800w, http:\/\/www.minipferd.de\/wp-content\/uploads\/2019\/03\/StandOutLoud-350x280.jpg 350w, http:\/\/www.minipferd.de\/wp-content\/uploads\/2019\/03\/StandOutLoud-300x240.jpg 300w, http:\/\/www.minipferd.de\/wp-content\/uploads\/2019\/03\/StandOutLoud-768x614.jpg 768w\" sizes=\"(max-width: 800px) 100vw, 800px\" \/><\/figure>\n\n\n\n<div class=\"wp-block-columns is-layout-flex wp-container-core-columns-is-layout-1 wp-block-columns-is-layout-flex\">\n<div class=\"wp-block-column has-yellow-color has-text-color has-link-color wp-elements-06e763862ce78e111c8d3fdf581988d4 is-layout-flow wp-block-column-is-layout-flow\">\n<h2 class=\"wp-block-heading\">Mutter<\/h2>\n\n\n<\/div>\n\n\n\n<div class=\"wp-block-column has-yellow-color has-text-color has-link-color wp-elements-708a0ce209f6924e2416926fea124906 is-layout-flow wp-block-column-is-layout-flow\">\n<h2 class=\"wp-block-heading\">Vater<\/h2>\n\n\n<\/div>\n<\/div>\n\n\n\n<div class=\"wp-block-group\"><div class=\"wp-block-group__inner-container is-layout-constrained wp-block-group-is-layout-constrained\">\n<h2 class=\"wp-block-heading has-yellow-color has-text-color has-link-color wp-elements-0c034ee003aa4e1e0e3f0b832b76332e\">Fohlen<\/h2>\n\n\n\n<div class=\"wp-block-columns is-layout-flex wp-container-core-columns-is-layout-2 wp-block-columns-is-layout-flex\">\n<div class=\"wp-block-column is-layout-flow wp-block-column-is-layout-flow\"><\/div>\n\n\n\n<div class=\"wp-block-column is-layout-flow wp-block-column-is-layout-flow\"><\/div>\n<\/div>\n<\/div><\/div>\n","protected":false},"excerpt":{"rendered":"<p>Geboren: 14.05.2003Gr\u00f6\u00dfe: 85 cmFarbe: BraunscheckeAMHA A143035 &#8211; AMHR 266943A &#8211; gek\u00f6rt Jetzt kommt Farbe ins Spiel: Stand ist ein wild gescheckter Tovero mit eisblauen Augen.Er ist Sohn des ber\u00fchmten Champions Farms Nighthwak, der sich bereits in jungen Jahren mit seinen au\u00dfergew\u00f6hnlichen Nachkommen einen Namen in der Miniaturpferdezucht gemacht hat. Seine Mutter ist eine National Top &hellip; <a href=\"http:\/\/www.minipferd.de\/?page_id=1635\" class=\"more-link\"><span class=\"screen-reader-text\">LM Hawks Stand Out Loud<\/span> weiterlesen<\/a><\/p>\n","protected":false},"author":1,"featured_media":0,"parent":247,"menu_order":1,"comment_status":"closed","ping_status":"closed","template":"","meta":{"footnotes":""},"class_list":["post-1635","page","type-page","status-publish","hentry"],"_links":{"self":[{"href":"http:\/\/www.minipferd.de\/index.php?rest_route=\/wp\/v2\/pages\/1635"}],"collection":[{"href":"http:\/\/www.minipferd.de\/index.php?rest_route=\/wp\/v2\/pages"}],"about":[{"href":"http:\/\/www.minipferd.de\/index.php?rest_route=\/wp\/v2\/types\/page"}],"author":[{"embeddable":true,"href":"http:\/\/www.minipferd.de\/index.php?rest_route=\/wp\/v2\/users\/1"}],"replies":[{"embeddable":true,"href":"http:\/\/www.minipferd.de\/index.php?rest_route=%2Fwp%2Fv2%2Fcomments&post=1635"}],"version-history":[{"count":10,"href":"http:\/\/www.minipferd.de\/index.php?rest_route=\/wp\/v2\/pages\/1635\/revisions"}],"predecessor-version":[{"id":2549,"href":"http:\/\/www.minipferd.de\/index.php?rest_route=\/wp\/v2\/pages\/1635\/revisions\/2549"}],"up":[{"embeddable":true,"href":"http:\/\/www.minipferd.de\/index.php?rest_route=\/wp\/v2\/pages\/247"}],"wp:attachment":[{"href":"http:\/\/www.minipferd.de\/index.php?rest_route=%2Fwp%2Fv2%2Fmedia&parent=1635"}],"curies":[{"name":"wp","href":"https:\/\/api.w.org\/{rel}","templated":true}]}}

<div class="wp-block-group mobile-flex-reverse is-nowrap is-layout-flex wp-container-core-group-is-layout-3 wp-block-group-is-layout-flex">
<div class="wp-block-group wp-container-content-1"><div class="wp-block-group__inner-container is-layout-constrained wp-block-group-is-layout-constrained">
<p class="has-yellow-color has-text-color has-link-color wp-elements-21c14893e70466b0fa82ff612ff08821">Geboren: 14.05.2003<br>Größe: 85 cm<br>Farbe: Braunschecke<br>AMHA A143035 &#8211; AMHR 266943A &#8211; gekört</p>
</div></div>



<div class="wp-block-group wp-container-content-2"><div class="wp-block-group__inner-container is-layout-constrained wp-block-group-is-layout-constrained">
<figure class="wp-block-image size-large is-style-default"><img loading="lazy" decoding="async" width="1024" height="818" src="http://www.minipferd.de/wp-content/uploads/2022/01/LM-Hawks-Stand-Out-Loud-1024x818.jpg" alt="" class="wp-image-1648" style="object-fit:cover" srcset="http://www.minipferd.de/wp-content/uploads/2022/01/LM-Hawks-Stand-Out-Loud-1024x818.jpg 1024w, http://www.minipferd.de/wp-content/uploads/2022/01/LM-Hawks-Stand-Out-Loud-350x280.jpg 350w, http://www.minipferd.de/wp-content/uploads/2022/01/LM-Hawks-Stand-Out-Loud-300x240.jpg 300w, http://www.minipferd.de/wp-content/uploads/2022/01/LM-Hawks-Stand-Out-Loud-768x614.jpg 768w, http://www.minipferd.de/wp-content/uploads/2022/01/LM-Hawks-Stand-Out-Loud.jpg 1498w" sizes="(max-width: 1024px) 100vw, 1024px" /></figure>
</div></div>
</div>



<p class="has-yellow-color has-text-color has-link-color wp-elements-2631325c31eea168553fb958759d5b89">Jetzt kommt Farbe ins Spiel: Stand ist ein wild gescheckter Tovero mit eisblauen Augen.<br>Er ist Sohn des berühmten Champions Farms Nighthwak, der sich bereits in jungen Jahren mit seinen außergewöhnlichen Nachkommen einen Namen in der Miniaturpferdezucht gemacht hat. Seine Mutter ist eine National Top Ten Gewinner Stute. Stand ist ein ausgesprochen gut proportionierter und feingliedriger Hengst mit einem hübschen, kleinen Hechtkopf, elegant geschwungener Halslinie, kurzem Rücken und langen Beinen und einer atemberaubenden Ausstrahlung. Stand wurde 2005 vom Spezialrassenverband Bayern gekört.</p>



<ul class="has-yellow-color has-text-color has-link-color wp-block-list wp-elements-3a6d3efeecd30a74d96173562621ba80">
<li>Vater: Champion Farms Nighthawk</li>



<li>Mutter: Flying W Farms De Ja Blue</li>
</ul>



<p class="has-yellow-color has-text-color has-link-color wp-elements-5df1c62227b2670769fc766e61ee5f39"><strong>Stand Out Loud ist verkauft. Herzlichen Glückwunsch an die neue Besitzerin!&nbsp;</strong></p>



<figure class="wp-block-image size-full"><img loading="lazy" decoding="async" width="800" height="640" src="http://www.minipferd.de/wp-content/uploads/2019/03/StandOutLoud.jpg" alt="" class="wp-image-407" srcset="http://www.minipferd.de/wp-content/uploads/2019/03/StandOutLoud.jpg 800w, http://www.minipferd.de/wp-content/uploads/2019/03/StandOutLoud-350x280.jpg 350w, http://www.minipferd.de/wp-content/uploads/2019/03/StandOutLoud-300x240.jpg 300w, http://www.minipferd.de/wp-content/uploads/2019/03/StandOutLoud-768x614.jpg 768w" sizes="(max-width: 800px) 100vw, 800px" /></figure>



<div class="wp-block-columns is-layout-flex wp-container-core-columns-is-layout-1 wp-block-columns-is-layout-flex">
<div class="wp-block-column has-yellow-color has-text-color has-link-color wp-elements-06e763862ce78e111c8d3fdf581988d4 is-layout-flow wp-block-column-is-layout-flow">
<h2 class="wp-block-heading">Mutter</h2>


</div>



<div class="wp-block-column has-yellow-color has-text-color has-link-color wp-elements-708a0ce209f6924e2416926fea124906 is-layout-flow wp-block-column-is-layout-flow">
<h2 class="wp-block-heading">Vater</h2>


</div>
</div>



<div class="wp-block-group"><div class="wp-block-group__inner-container is-layout-constrained wp-block-group-is-layout-constrained">
<h2 class="wp-block-heading has-yellow-color has-text-color has-link-color wp-elements-0c034ee003aa4e1e0e3f0b832b76332e">Fohlen</h2>



<div class="wp-block-columns is-layout-flex wp-container-core-columns-is-layout-2 wp-block-columns-is-layout-flex">
<div class="wp-block-column is-layout-flow wp-block-column-is-layout-flow"></div>



<div class="wp-block-column is-layout-flow wp-block-column-is-layout-flow"></div>
</div>
</div></div>

<p>Geboren: 14.05.2003Größe: 85 cmFarbe: BraunscheckeAMHA A143035 &#8211; AMHR 266943A &#8211; gekört Jetzt kommt Farbe ins Spiel: Stand ist ein wild gescheckter Tovero mit eisblauen Augen.Er ist Sohn des berühmten Champions Farms Nighthwak, der sich bereits in jungen Jahren mit seinen außergewöhnlichen Nachkommen einen Namen in der Miniaturpferdezucht gemacht hat. Seine Mutter ist eine National Top &hellip; <a href="http://www.minipferd.de/?page_id=1635" class="more-link"><span class="screen-reader-text">LM Hawks Stand Out Loud</span> weiterlesen</a></p>
